{"id":543,"date":"2026-01-19T12:52:45","date_gmt":"2026-01-19T11:52:45","guid":{"rendered":"https:\/\/www.latelierfestif.com\/shop\/?post_type=product&#038;p=543"},"modified":"2026-01-19T12:55:04","modified_gmt":"2026-01-19T11:55:04","slug":"decorations-en-papier-coeur-nid-dabeille-rouge-rose","status":"publish","type":"product","link":"https:\/\/www.latelierfestif.com\/shop\/inspiration\/decorations-en-papier-coeur-nid-dabeille-rouge-rose\/","title":{"rendered":"D\u00e9corations en papier c\u0153ur nid d\u2019abeille Rouge &#038; rose"},"content":{"rendered":"","protected":false},"excerpt":{"rendered":"<p>Ces d\u00e9corations en <strong>papier en forme de c\u0153urs<\/strong> et de nids d\u2019abeille ont \u00e9t\u00e9 s\u00e9lectionn\u00e9es pour leur capacit\u00e9 \u00e0 cr\u00e9er, en toute simplicit\u00e9, une ambiance douce et romantique. R\u00e9utilisables et faciles \u00e0 assembler gr\u00e2ce \u00e0 leur syst\u00e8me de fixation velcro, elles permettent de composer un d\u00e9cor harmonieux sans contrainte, que ce soit pour une <strong>Saint-Valentin<\/strong>, une f\u00eate des m\u00e8res, un anniversaire, une <strong>demande en mariage<\/strong>, des fian\u00e7ailles ou une r\u00e9ception de mariage.<\/p>\n<p>Le lot combine diff\u00e9rentes tailles et formes de c\u0153urs rouges et roses, ainsi que des nids d\u2019abeille ronds, pour apporter du rythme et du volume \u00e0 la d\u00e9coration. Suspendus au plafond, int\u00e9gr\u00e9s \u00e0 une arche, dispos\u00e9s derri\u00e8re une table ou associ\u00e9s \u00e0 une guirlande \u201cAmour\u201d, ces \u00e9l\u00e9ments structurent l\u2019espace tout en restant l\u00e9gers et \u00e9l\u00e9gants. <strong>Une solution d\u00e9corative id\u00e9ale<\/strong> pour exprimer l\u2019amour et <strong>cr\u00e9er un d\u00e9cor<\/strong> coh\u00e9rent, facile \u00e0 installer et \u00e0 r\u00e9utiliser pour plusieurs occasions.<\/p>\n","protected":false},"featured_media":544,"comment_status":"closed","ping_status":"closed","template":"","meta":{"wds_primary_product_brand":0,"wds_primary_product_cat":0},"product_brand":[],"product_cat":[54],"product_tag":[73,74,64,62],"class_list":{"0":"post-543","1":"product","2":"type-product","3":"status-publish","4":"has-post-thumbnail","6":"product_cat-decoration-de-salle","7":"product_tag-fete-des-meres","8":"product_tag-fiancailles","9":"product_tag-mariage","10":"product_tag-saint-valentin","12":"first","13":"instock","14":"shipping-taxable","15":"product-type-external"},"_links":{"self":[{"href":"https:\/\/www.latelierfestif.com\/shop\/wp-json\/wp\/v2\/product\/543","targetHints":{"allow":["GET"]}}],"collection":[{"href":"https:\/\/www.latelierfestif.com\/shop\/wp-json\/wp\/v2\/product"}],"about":[{"href":"https:\/\/www.latelierfestif.com\/shop\/wp-json\/wp\/v2\/types\/product"}],"replies":[{"embeddable":true,"href":"https:\/\/www.latelierfestif.com\/shop\/wp-json\/wp\/v2\/comments?post=543"}],"wp:featuredmedia":[{"embeddable":true,"href":"https:\/\/www.latelierfestif.com\/shop\/wp-json\/wp\/v2\/media\/544"}],"wp:attachment":[{"href":"https:\/\/www.latelierfestif.com\/shop\/wp-json\/wp\/v2\/media?parent=543"}],"wp:term":[{"taxonomy":"product_brand","embeddable":true,"href":"https:\/\/www.latelierfestif.com\/shop\/wp-json\/wp\/v2\/product_brand?post=543"},{"taxonomy":"product_cat","embeddable":true,"href":"https:\/\/www.latelierfestif.com\/shop\/wp-json\/wp\/v2\/product_cat?post=543"},{"taxonomy":"product_tag","embeddable":true,"href":"https:\/\/www.latelierfestif.com\/shop\/wp-json\/wp\/v2\/product_tag?post=543"}],"curies":[{"name":"wp","href":"https:\/\/api.w.org\/{rel}","templated":true}]}}