{"id":488,"date":"2026-01-18T22:44:42","date_gmt":"2026-01-18T21:44:42","guid":{"rendered":"https:\/\/www.latelierfestif.com\/shop\/?post_type=product&#038;p=488"},"modified":"2026-01-18T22:44:42","modified_gmt":"2026-01-18T21:44:42","slug":"verre-a-vin-coeur","status":"publish","type":"product","link":"https:\/\/www.latelierfestif.com\/shop\/inspiration\/verre-a-vin-coeur\/","title":{"rendered":"Verre \u00e0 vin coeur"},"content":{"rendered":"","protected":false},"excerpt":{"rendered":"<p>C\u00e9l\u00e9brez l\u2019amour avec ce <strong>verre \u00e0 vin en forme de c\u0153ur<\/strong>, peint \u00e0 la main pour un rendu unique et color\u00e9. Chaque verre est minutieusement d\u00e9cor\u00e9 de petits c\u0153urs qui s\u2019\u00e9panouissent du pied au bulbe, cr\u00e9ant une danse joyeuse et romantique sur le cristal.<\/p>\n<p>Parfait pour la Saint-Valentin, les anniversaires, ou simplement pour partager un moment complice, ce verre se transforme en un symbole d\u00e9licat et festif de tendresse. Vous pouvez <strong>personnaliser les couleurs<\/strong> et les combinaisons selon votre go\u00fbt, pour un r\u00e9sultat qui correspond parfaitement \u00e0 votre style ou \u00e0 votre d\u00e9coration de table.<\/p>\n<p>Disponible sur huit styles de verre diff\u00e9rents, il allie \u00e9l\u00e9gance, cr\u00e9ativit\u00e9 et originalit\u00e9, et transforme chaque toast en un moment m\u00e9morable, \u00e0 offrir ou \u00e0 garder comme souvenir pr\u00e9cieux.<\/p>\n","protected":false},"featured_media":489,"comment_status":"closed","ping_status":"closed","template":"","meta":{"wds_primary_product_brand":0,"wds_primary_product_cat":0},"product_brand":[],"product_cat":[52],"product_tag":[64,62],"class_list":{"0":"post-488","1":"product","2":"type-product","3":"status-publish","4":"has-post-thumbnail","6":"product_cat-vaisselle-decorative","7":"product_tag-mariage","8":"product_tag-saint-valentin","10":"first","11":"instock","12":"shipping-taxable","13":"product-type-external"},"_links":{"self":[{"href":"https:\/\/www.latelierfestif.com\/shop\/wp-json\/wp\/v2\/product\/488","targetHints":{"allow":["GET"]}}],"collection":[{"href":"https:\/\/www.latelierfestif.com\/shop\/wp-json\/wp\/v2\/product"}],"about":[{"href":"https:\/\/www.latelierfestif.com\/shop\/wp-json\/wp\/v2\/types\/product"}],"replies":[{"embeddable":true,"href":"https:\/\/www.latelierfestif.com\/shop\/wp-json\/wp\/v2\/comments?post=488"}],"wp:featuredmedia":[{"embeddable":true,"href":"https:\/\/www.latelierfestif.com\/shop\/wp-json\/wp\/v2\/media\/489"}],"wp:attachment":[{"href":"https:\/\/www.latelierfestif.com\/shop\/wp-json\/wp\/v2\/media?parent=488"}],"wp:term":[{"taxonomy":"product_brand","embeddable":true,"href":"https:\/\/www.latelierfestif.com\/shop\/wp-json\/wp\/v2\/product_brand?post=488"},{"taxonomy":"product_cat","embeddable":true,"href":"https:\/\/www.latelierfestif.com\/shop\/wp-json\/wp\/v2\/product_cat?post=488"},{"taxonomy":"product_tag","embeddable":true,"href":"https:\/\/www.latelierfestif.com\/shop\/wp-json\/wp\/v2\/product_tag?post=488"}],"curies":[{"name":"wp","href":"https:\/\/api.w.org\/{rel}","templated":true}]}}

Verre à vin coeur

<p>Célébrez l’amour avec ce <strong>verre à vin en forme de cœur</strong>, peint à la main pour un rendu unique et coloré. Chaque verre est minutieusement décoré de petits cœurs qui s’épanouissent du pied au bulbe, créant une danse joyeuse et romantique sur le cristal.</p>
<p>Parfait pour la Saint-Valentin, les anniversaires, ou simplement pour partager un moment complice, ce verre se transforme en un symbole délicat et festif de tendresse. Vous pouvez <strong>personnaliser les couleurs</strong> et les combinaisons selon votre goût, pour un résultat qui correspond parfaitement à votre style ou à votre décoration de table.</p>
<p>Disponible sur huit styles de verre différents, il allie élégance, créativité et originalité, et transforme chaque toast en un moment mémorable, à offrir ou à garder comme souvenir précieux.</p>
