{"id":34780,"date":"2026-04-17T14:29:32","date_gmt":"2026-04-17T13:29:32","guid":{"rendered":"https:\/\/www.latelierfestif.com\/locations\/?post_type=product&#038;p=34780"},"modified":"2026-04-17T15:13:48","modified_gmt":"2026-04-17T14:13:48","slug":"serviettes-de-table-lilas-40-x-40","status":"publish","type":"product","link":"https:\/\/www.latelierfestif.com\/locations\/produit\/serviettes-de-table-lilas-40-x-40\/","title":{"rendered":"Serviettes de table lilas 40 X 40"},"content":{"rendered":"<p data-start=\"130\" data-end=\"514\">Apportez une touche de douceur, d\u2019\u00e9l\u00e9gance et de raffinement \u00e0 votre d\u00e9coration de table avec nos serviettes de table lilas 40 x 40 cm en coton recyclable. Id\u00e9ales pour un mariage, un bapt\u00eame, un anniversaire, une baby shower, une communion ou une r\u00e9ception professionnelle, elles s\u2019int\u00e8grent parfaitement dans une d\u00e9coration romantique, boh\u00e8me, champ\u00eatre ou chic.<\/p>\n<p data-start=\"516\" data-end=\"961\">Leur coloris lilas, tendre et d\u00e9licat, sublime vos tables et permet de cr\u00e9er une ambiance harmonieuse, raffin\u00e9e et chaleureuse. Associ\u00e9es \u00e0 une nappe blanche, de la jolie verrerie, des fleurs fra\u00eeches, des bougies ou une d\u00e9coration naturelle, elles apportent une finition soign\u00e9e \u00e0 votre r\u00e9ception. Ce type de d\u00e9tail fait toute la diff\u00e9rence dans la mise en sc\u00e8ne de votre \u00e9v\u00e9nement et contribue \u00e0 cr\u00e9er une atmosph\u00e8re \u00e9l\u00e9gante pour vos invit\u00e9s.<\/p>\n<p data-start=\"963\" data-end=\"1315\">Con\u00e7ues en coton recyclable, ces serviettes constituent un choix aussi esth\u00e9tique que responsable. Leur mati\u00e8re offre un rendu naturel et qualitatif, tout en s\u2019inscrivant dans une d\u00e9marche plus respectueuse de l\u2019environnement. Elles conviennent parfaitement aux \u00e9v\u00e9nements souhaitant allier d\u00e9coration soign\u00e9e et attention port\u00e9e au choix des mati\u00e8res.<\/p>\n<p data-start=\"1317\" data-end=\"1721\">En compl\u00e9ment de la location de mat\u00e9riel, nous pouvons \u00e9galement vous accompagner dans la d\u00e9coration de votre \u00e9v\u00e9nement afin de cr\u00e9er un univers harmonieux et personnalis\u00e9 selon votre th\u00e8me, vos couleurs et vos envies. Nous proposons aussi diff\u00e9rentes prestations et <a href=\"https:\/\/www.latelierfestif.com\/animations\/\">animations<\/a> pour enrichir votre r\u00e9ception, comme les bulles de savon g\u00e9antes, les jeux en bois, ainsi que d\u2019autres services \u00e9v\u00e9nementiels.<\/p>\n","protected":false},"excerpt":{"rendered":"<p>Nos serviettes de table lilas 40 x 40 cm en coton recyclable apportent une touche \u00e9l\u00e9gante, douce et raffin\u00e9e \u00e0 votre d\u00e9coration de table. Id\u00e9ales pour un mariage, un bapt\u00eame, un anniversaire ou une baby shower, elles allient charme, qualit\u00e9 et d\u00e9marche responsable.<\/p>\n","protected":false},"featured_media":34781,"comment_status":"closed","ping_status":"closed","template":"","meta":{"wds_primary_product_brand":0,"wds_primary_product_cat":176},"product_brand":[142],"product_cat":[82,176],"product_tag":[58,59,43,65],"class_list":{"0":"post-34780","1":"product","2":"type-product","3":"status-publish","4":"has-post-thumbnail","6":"product_brand-latelier-festif","7":"product_cat-art-de-la-table-vaisselle","8":"product_cat-linge-de-table","9":"product_tag-baby-shower","10":"product_tag-gender-reveal","11":"product_tag-mariage","12":"product_tag-reception","14":"first","15":"instock","16":"shipping-taxable","17":"purchasable","18":"product-type-simple"},"_links":{"self":[{"href":"https:\/\/www.latelierfestif.com\/locations\/wp-json\/wp\/v2\/product\/34780","targetHints":{"allow":["GET"]}}],"collection":[{"href":"https:\/\/www.latelierfestif.com\/locations\/wp-json\/wp\/v2\/product"}],"about":[{"href":"https:\/\/www.latelierfestif.com\/locations\/wp-json\/wp\/v2\/types\/product"}],"replies":[{"embeddable":true,"href":"https:\/\/www.latelierfestif.com\/locations\/wp-json\/wp\/v2\/comments?post=34780"}],"wp:featuredmedia":[{"embeddable":true,"href":"https:\/\/www.latelierfestif.com\/locations\/wp-json\/wp\/v2\/media\/34781"}],"wp:attachment":[{"href":"https:\/\/www.latelierfestif.com\/locations\/wp-json\/wp\/v2\/media?parent=34780"}],"wp:term":[{"taxonomy":"product_brand","embeddable":true,"href":"https:\/\/www.latelierfestif.com\/locations\/wp-json\/wp\/v2\/product_brand?post=34780"},{"taxonomy":"product_cat","embeddable":true,"href":"https:\/\/www.latelierfestif.com\/locations\/wp-json\/wp\/v2\/product_cat?post=34780"},{"taxonomy":"product_tag","embeddable":true,"href":"https:\/\/www.latelierfestif.com\/locations\/wp-json\/wp\/v2\/product_tag?post=34780"}],"curies":[{"name":"wp","href":"https:\/\/api.w.org\/{rel}","templated":true}]}}