{"id":32427,"date":"2025-12-02T21:32:16","date_gmt":"2025-12-02T21:32:16","guid":{"rendered":"https:\/\/www.latelierfestif.com\/location\/?post_type=product&#038;p=32427"},"modified":"2025-12-07T14:00:11","modified_gmt":"2025-12-07T13:00:11","slug":"chiffre-geant-a-remplir-de-0-a-9","status":"publish","type":"product","link":"https:\/\/www.latelierfestif.com\/locations\/produit\/chiffre-geant-a-remplir-de-0-a-9\/","title":{"rendered":"Chiffre g\u00e9ant \u00e0 remplir de 0 \u00e0 9"},"content":{"rendered":"<p>Les <strong>Chiffres g\u00e9ants en M\u00e9tal<\/strong> Blanc est la solution parfaite pour ajouter une touche d&rsquo;\u00e9l\u00e9gance et de style \u00e0 votre \u00e9v\u00e9nement. Ce chiffre g\u00e9ant est con\u00e7u avec des tubulures et des connectiques en m\u00e9tal blanc, offrant un montage simple et rapide. Il se distingue par plusieurs caract\u00e9ristiques remarquables :<\/p>\n<p><strong>Stabilit\u00e9 et \u00c9quilibre :<\/strong> les cadres en forme de chiffre est sp\u00e9cialement adapt\u00e9 pour assurer une stabilit\u00e9 optimale. Vous pouvez l&rsquo;utiliser en toute confiance pour cr\u00e9er une d\u00e9coration attrayante et \u00e9quilibr\u00e9e, sans vous soucier de son maintien en place.<\/p>\n<p><strong>Polyvalence de Couleur :<\/strong> La couleur blanche de ce cadre s&rsquo;harmonise harmonieusement avec tous les <strong>th\u00e8mes d&rsquo;\u00e9v\u00e9nements<\/strong>. Que vous organisiez un mariage, un anniversaire, une r\u00e9ception corporative, ou toute autre c\u00e9l\u00e9bration, ce cadre s&rsquo;int\u00e8grera sans effort dans n&rsquo;importe quel <strong>d\u00e9cor<\/strong>.<\/p>\n<p><strong>Construction L\u00e9g\u00e8re et Solide :<\/strong> Fabriqu\u00e9 \u00e0 partir de m\u00e9tal l\u00e9ger et solide, ce cadre garantit \u00e0 la fois la durabilit\u00e9 et la facilit\u00e9 de manipulation. Vous pourrez l&rsquo;installer et le d\u00e9placer ais\u00e9ment, tout en sachant qu&rsquo;il r\u00e9sistera aux rigueurs de votre \u00e9v\u00e9nement.<\/p>\n<p>Le <strong>Chiffre g\u00e9ant en M\u00e9tal Blanc<\/strong> de 120cm est le compl\u00e9ment id\u00e9al pour <strong>sublimer la d\u00e9coration<\/strong> de votre <strong>\u00e9v\u00e9nement<\/strong>. Il ajoute une touche de sophistication et d&rsquo;originalit\u00e9, cr\u00e9ant ainsi un point focal m\u00e9morable pour vos invit\u00e9s. Que vous le placiez sur une table, sur la piste de danse ou en <strong>arri\u00e8re-plan de photos<\/strong>, ce cadre apportera une dimension visuelle exceptionnelle \u00e0 votre \u00e9v\u00e9nement. Optez pour <strong>l&rsquo;\u00e9l\u00e9gance du m\u00e9tal blanc<\/strong> et laissez ce chiffre g\u00e9ant rehausser l&rsquo;atmosph\u00e8re de votre <strong>c\u00e9l\u00e9bration<\/strong>.<\/p>\n","protected":false},"excerpt":{"rendered":"<p>Chiffre g\u00e9ant \u00e0 remplir de fleurs, led ou de ballons<\/p>\n","protected":false},"featured_media":32490,"comment_status":"open","ping_status":"closed","template":"","meta":{"wds_primary_product_brand":0,"wds_primary_product_cat":0},"product_brand":[142],"product_cat":[106],"product_tag":[26,27,42,43,37,107,39],"class_list":{"0":"post-32427","1":"product","2":"type-product","3":"status-publish","4":"has-post-thumbnail","6":"product_brand-latelier-festif","7":"product_cat-lettres-et-chiffres","8":"product_tag-anniversaire","9":"product_tag-bar-mitzvah","10":"product_tag-fiancailles","11":"product_tag-mariage","12":"product_tag-quinceanera","13":"product_tag-retraite","14":"product_tag-sweet-16","16":"first","17":"instock","18":"shipping-taxable","19":"purchasable","20":"product-type-simple"},"_links":{"self":[{"href":"https:\/\/www.latelierfestif.com\/locations\/wp-json\/wp\/v2\/product\/32427","targetHints":{"allow":["GET"]}}],"collection":[{"href":"https:\/\/www.latelierfestif.com\/locations\/wp-json\/wp\/v2\/product"}],"about":[{"href":"https:\/\/www.latelierfestif.com\/locations\/wp-json\/wp\/v2\/types\/product"}],"replies":[{"embeddable":true,"href":"https:\/\/www.latelierfestif.com\/locations\/wp-json\/wp\/v2\/comments?post=32427"}],"wp:featuredmedia":[{"embeddable":true,"href":"https:\/\/www.latelierfestif.com\/locations\/wp-json\/wp\/v2\/media\/32490"}],"wp:attachment":[{"href":"https:\/\/www.latelierfestif.com\/locations\/wp-json\/wp\/v2\/media?parent=32427"}],"wp:term":[{"taxonomy":"product_brand","embeddable":true,"href":"https:\/\/www.latelierfestif.com\/locations\/wp-json\/wp\/v2\/product_brand?post=32427"},{"taxonomy":"product_cat","embeddable":true,"href":"https:\/\/www.latelierfestif.com\/locations\/wp-json\/wp\/v2\/product_cat?post=32427"},{"taxonomy":"product_tag","embeddable":true,"href":"https:\/\/www.latelierfestif.com\/locations\/wp-json\/wp\/v2\/product_tag?post=32427"}],"curies":[{"name":"wp","href":"https:\/\/api.w.org\/{rel}","templated":true}]}}