{"id":32238,"date":"2025-12-02T21:29:58","date_gmt":"2025-12-02T21:29:58","guid":{"rendered":"https:\/\/www.latelierfestif.com\/location\/?post_type=product&#038;p=32238"},"modified":"2025-12-07T14:00:37","modified_gmt":"2025-12-07T13:00:37","slug":"neon-oh-baby","status":"publish","type":"product","link":"https:\/\/www.latelierfestif.com\/locations\/produit\/neon-oh-baby\/","title":{"rendered":"N\u00e9on Oh Baby"},"content":{"rendered":"<p>Ajoutez une touche de style et de modernit\u00e9 \u00e0 votre \u00e9v\u00e9nement avec notre n\u00e9on lumineux \u00ab\u00a0Oh baby\u00a0\u00bb !<\/p>\n<p>Id\u00e9al pour une baby shower, un anniversaire ou une soir\u00e9e \u00e0 th\u00e8me, ce n\u00e9on est un <strong>v\u00e9ritable accroche-regard<\/strong> qui ne passera pas inaper\u00e7u. Mesurant environ 50cm de largeur et 30cm de hauteur, il peut \u00eatre plac\u00e9 sur un mur, une \u00e9tag\u00e8re ou une table, selon vos pr\u00e9f\u00e9rences.<\/p>\n<p>Avec sa lumi\u00e8re chaude et douce, ce n\u00e9on cr\u00e9e une ambiance chaleureuse et conviviale pour votre \u00e9v\u00e9nement. Et le meilleur de tout, il est facile \u00e0 installer et \u00e0 utiliser !<\/p>\n<p>Vous organisez une <strong>Baby Shower<\/strong> ou une <strong>Welcome baby<\/strong>, nous vous offrons la possibilit\u00e9 d&rsquo;utiliser notre <strong>mat\u00e9riel professionnel<\/strong> avec la location \u00ab\u00a0<strong>Oh Baby<\/strong>\u00a0\u00bb un <strong>n\u00e9on<\/strong> de lumi\u00e8re Blanche.<\/p>\n<p>Le <strong>n\u00e9on<\/strong> est de tr\u00e8s bonne qualit\u00e9 avec un bouton de r\u00e9glage pour l&rsquo;intensit\u00e9 de la lumi\u00e8re pour r\u00e9aliser de belles photos souvenir avec un <strong>photobooth<\/strong>.<\/p>\n<p>Louez notre n\u00e9on \u00ab\u00a0Oh baby\u00a0\u00bb d\u00e8s maintenant et donnez vie \u00e0 votre d\u00e9coration de f\u00eate.<\/p>\n<p>&nbsp;<\/p>\n<p>&nbsp;<\/p>\n","protected":false},"excerpt":{"rendered":"<p>Illuminez votre \u00e9v\u00e9nement avec notre n\u00e9on lumineux \u00ab\u00a0Oh baby\u00a0\u00bb ! Parfait pour une baby shower, un anniversaire ou une soir\u00e9e \u00e0 th\u00e8me, ce n\u00e9on donnera une touche tendance et originale \u00e0 votre d\u00e9coration.<\/p>\n","protected":false},"featured_media":32308,"comment_status":"open","ping_status":"closed","template":"","meta":{"wds_primary_product_brand":0,"wds_primary_product_cat":0},"product_brand":[142],"product_cat":[156],"product_tag":[58,81],"class_list":{"0":"post-32238","1":"product","2":"type-product","3":"status-publish","4":"has-post-thumbnail","6":"product_brand-latelier-festif","7":"product_cat-eclairage","8":"product_tag-baby-shower","9":"product_tag-welcome-baby","11":"first","12":"instock","13":"sold-individually","14":"shipping-taxable","15":"purchasable","16":"product-type-simple"},"_links":{"self":[{"href":"https:\/\/www.latelierfestif.com\/locations\/wp-json\/wp\/v2\/product\/32238","targetHints":{"allow":["GET"]}}],"collection":[{"href":"https:\/\/www.latelierfestif.com\/locations\/wp-json\/wp\/v2\/product"}],"about":[{"href":"https:\/\/www.latelierfestif.com\/locations\/wp-json\/wp\/v2\/types\/product"}],"replies":[{"embeddable":true,"href":"https:\/\/www.latelierfestif.com\/locations\/wp-json\/wp\/v2\/comments?post=32238"}],"wp:featuredmedia":[{"embeddable":true,"href":"https:\/\/www.latelierfestif.com\/locations\/wp-json\/wp\/v2\/media\/32308"}],"wp:attachment":[{"href":"https:\/\/www.latelierfestif.com\/locations\/wp-json\/wp\/v2\/media?parent=32238"}],"wp:term":[{"taxonomy":"product_brand","embeddable":true,"href":"https:\/\/www.latelierfestif.com\/locations\/wp-json\/wp\/v2\/product_brand?post=32238"},{"taxonomy":"product_cat","embeddable":true,"href":"https:\/\/www.latelierfestif.com\/locations\/wp-json\/wp\/v2\/product_cat?post=32238"},{"taxonomy":"product_tag","embeddable":true,"href":"https:\/\/www.latelierfestif.com\/locations\/wp-json\/wp\/v2\/product_tag?post=32238"}],"curies":[{"name":"wp","href":"https:\/\/api.w.org\/{rel}","templated":true}]}}

Néon Oh Baby

<p>Ajoutez une touche de style et de modernité à votre événement avec notre néon lumineux « Oh baby » !</p>
<p>Idéal pour une baby shower, un anniversaire ou une soirée à thème, ce néon est un <strong>véritable accroche-regard</strong> qui ne passera pas inaperçu. Mesurant environ 50cm de largeur et 30cm de hauteur, il peut être placé sur un mur, une étagère ou une table, selon vos préférences.</p>
<p>Avec sa lumière chaude et douce, ce néon crée une ambiance chaleureuse et conviviale pour votre événement. Et le meilleur de tout, il est facile à installer et à utiliser !</p>
<p>Vous organisez une <strong>Baby Shower</strong> ou une <strong>Welcome baby</strong>, nous vous offrons la possibilité d&rsquo;utiliser notre <strong>matériel professionnel</strong> avec la location « <strong>Oh Baby</strong> » un <strong>néon</strong> de lumière Blanche.</p>
<p>Le <strong>néon</strong> est de très bonne qualité avec un bouton de réglage pour l&rsquo;intensité de la lumière pour réaliser de belles photos souvenir avec un <strong>photobooth</strong>.</p>
<p>Louez notre néon « Oh baby » dès maintenant et donnez vie à votre décoration de fête.</p>
<p>&nbsp;</p>
<p>&nbsp;</p>

<p>Illuminez votre événement avec notre néon lumineux « Oh baby » ! Parfait pour une baby shower, un anniversaire ou une soirée à thème, ce néon donnera une touche tendance et originale à votre décoration.</p>
