{"id":32216,"date":"2025-12-02T21:29:36","date_gmt":"2025-12-02T21:29:36","guid":{"rendered":"https:\/\/www.latelierfestif.com\/location\/?post_type=product&#038;p=32216"},"modified":"2025-12-07T14:00:51","modified_gmt":"2025-12-07T13:00:51","slug":"sono-portable","status":"publish","type":"product","link":"https:\/\/www.latelierfestif.com\/locations\/produit\/sono-portable\/","title":{"rendered":"Sono portable"},"content":{"rendered":"<p>La sonorisation portable que nous vous proposons est l&rsquo;\u00e9l\u00e9ment indispensable pour animer toutes vos soir\u00e9es et \u00e9v\u00e9nements en toute simplicit\u00e9. Avec une <strong>puissance de sortie de 700W<\/strong>, vous \u00eates assur\u00e9 d&rsquo;un son de qualit\u00e9 pour faire danser vos invit\u00e9s toute la nuit.<\/p>\n<p>De plus, gr\u00e2ce \u00e0 sa batterie rechargeable offrant une autonomie de 8 heures, vous pouvez profiter de votre musique sans interruption, o\u00f9 que vous soyez.<\/p>\n<p>La sonorisation portable est \u00e9galement con\u00e7ue pour \u00eatre facilement transportable gr\u00e2ce \u00e0 sa poign\u00e9e de transport et ses roues. Vous pouvez l&#8217;emmener partout o\u00f9 vous le souhaitez et la placer o\u00f9 vous le d\u00e9sirez pour une ambiance musicale optimale.<\/p>\n<div class=\"group w-full text-gray-800 dark:text-gray-100 border-b border-black\/10 dark:border-gray-900\/50 bg-gray-50 dark:bg-[#444654]\">\n<div class=\"flex p-4 gap-4 text-base md:gap-6 md:max-w-2xl lg:max-w-xl xl:max-w-3xl md:py-6 lg:px-0 m-auto\">\n<div class=\"relative flex w-[calc(100%-50px)] flex-col gap-1 md:gap-3 lg:w-[calc(100%-115px)]\">\n<div class=\"flex flex-grow flex-col gap-3\">\n<div class=\"min-h-[20px] flex flex-col items-start gap-4 whitespace-pre-wrap break-words\">\n<div class=\"markdown prose w-full break-words dark:prose-invert light\">\n<p><strong>Caract\u00e9ristiques :<\/strong> La sono portable haut de gamme Mobile 15 UHF est \u00e9quip\u00e9e d&rsquo;un haut-parleur grave de 15\u00a0\u00bb \/ 38cm et d&rsquo;un haut-parleur aig\u00fce de compression 1&Prime;. Sa puissance maximale est de 700W, avec une puissance RMS de 350W et une bande passante de 40Hz \u00e0 20KHz. Elle peut atteindre un SPL Max. de 126dB\/m. Elle peut \u00eatre aliment\u00e9e sur secteur, batterie int\u00e9gr\u00e9e ou batterie externe (12V). Elle dispose de 2 entr\u00e9es micro filaire en Jack 6.35mm et d&rsquo;une fonction enregistrement de votre micro sur cl\u00e9 USB. Les fr\u00e9quences basses et aigus de la musique et des micros sont r\u00e9glables avec une plage de +\/-12dB. Elle dispose \u00e9galement d&rsquo;une entr\u00e9e\/sortie Aux par RCA et d&rsquo;une entr\u00e9e instrument en Jack 6.35mm. Les micros sans fil ont une fr\u00e9quence de 650 et 666 MHz. Ses dimensions sont de 505x435x765mm, son poids net est de 20,05 kg et son poids brut est de 22 kg. L&rsquo;alimentation est de 230v AC 50\/60Hz.<\/p>\n<\/div>\n<\/div>\n<\/div>\n<\/div>\n<\/div>\n<\/div>\n","protected":false},"excerpt":{"rendered":"<p>Louez notre sonorisation portable pour une <strong>ambiance musicale r\u00e9ussie<\/strong> en toute occasion ! Avec sa puissance de sortie de 700W, sa batterie rechargeable offrant une autonomie jusqu&rsquo;\u00e0 8 heures et son lecteur de carte SD, sa cl\u00e9 USB, vous pouvez diffuser votre musique pr\u00e9f\u00e9r\u00e9e en toute simplicit\u00e9.<\/p>\n<p>Le microphone sans fil et la fonction ajoute une touche de fun \u00e0 vos soir\u00e9es. La poign\u00e9e de transport et les roues facilitent son d\u00e9placement.<\/p>\n","protected":false},"featured_media":32286,"comment_status":"open","ping_status":"closed","template":"","meta":{"wds_primary_product_brand":0,"wds_primary_product_cat":0},"product_brand":[142],"product_cat":[154],"product_tag":[30,32,68,69],"class_list":{"0":"post-32216","1":"product","2":"type-product","3":"status-publish","4":"has-post-thumbnail","6":"product_brand-latelier-festif","7":"product_cat-sonorisation","8":"product_tag-fete-de-la-musique","9":"product_tag-jeux-olympiques","10":"product_tag-marche-de-rue","11":"product_tag-marche-nocturne","13":"first","14":"instock","15":"shipping-taxable","16":"purchasable","17":"product-type-simple"},"_links":{"self":[{"href":"https:\/\/www.latelierfestif.com\/locations\/wp-json\/wp\/v2\/product\/32216","targetHints":{"allow":["GET"]}}],"collection":[{"href":"https:\/\/www.latelierfestif.com\/locations\/wp-json\/wp\/v2\/product"}],"about":[{"href":"https:\/\/www.latelierfestif.com\/locations\/wp-json\/wp\/v2\/types\/product"}],"replies":[{"embeddable":true,"href":"https:\/\/www.latelierfestif.com\/locations\/wp-json\/wp\/v2\/comments?post=32216"}],"wp:featuredmedia":[{"embeddable":true,"href":"https:\/\/www.latelierfestif.com\/locations\/wp-json\/wp\/v2\/media\/32286"}],"wp:attachment":[{"href":"https:\/\/www.latelierfestif.com\/locations\/wp-json\/wp\/v2\/media?parent=32216"}],"wp:term":[{"taxonomy":"product_brand","embeddable":true,"href":"https:\/\/www.latelierfestif.com\/locations\/wp-json\/wp\/v2\/product_brand?post=32216"},{"taxonomy":"product_cat","embeddable":true,"href":"https:\/\/www.latelierfestif.com\/locations\/wp-json\/wp\/v2\/product_cat?post=32216"},{"taxonomy":"product_tag","embeddable":true,"href":"https:\/\/www.latelierfestif.com\/locations\/wp-json\/wp\/v2\/product_tag?post=32216"}],"curies":[{"name":"wp","href":"https:\/\/api.w.org\/{rel}","templated":true}]}}

<p>La sonorisation portable que nous vous proposons est l&rsquo;élément indispensable pour animer toutes vos soirées et événements en toute simplicité. Avec une <strong>puissance de sortie de 700W</strong>, vous êtes assuré d&rsquo;un son de qualité pour faire danser vos invités toute la nuit.</p>
<p>De plus, grâce à sa batterie rechargeable offrant une autonomie de 8 heures, vous pouvez profiter de votre musique sans interruption, où que vous soyez.</p>
<p>La sonorisation portable est également conçue pour être facilement transportable grâce à sa poignée de transport et ses roues. Vous pouvez l&#8217;emmener partout où vous le souhaitez et la placer où vous le désirez pour une ambiance musicale optimale.</p>
<div class="group w-full text-gray-800 dark:text-gray-100 border-b border-black/10 dark:border-gray-900/50 bg-gray-50 dark:bg-[#444654]">
<div class="flex p-4 gap-4 text-base md:gap-6 md:max-w-2xl lg:max-w-xl xl:max-w-3xl md:py-6 lg:px-0 m-auto">
<div class="relative flex w-[calc(100%-50px)] flex-col gap-1 md:gap-3 lg:w-[calc(100%-115px)]">
<div class="flex flex-grow flex-col gap-3">
<div class="min-h-[20px] flex flex-col items-start gap-4 whitespace-pre-wrap break-words">
<div class="markdown prose w-full break-words dark:prose-invert light">
<p><strong>Caractéristiques :</strong> La sono portable haut de gamme Mobile 15 UHF est équipée d&rsquo;un haut-parleur grave de 15 » / 38cm et d&rsquo;un haut-parleur aigüe de compression 1&Prime;. Sa puissance maximale est de 700W, avec une puissance RMS de 350W et une bande passante de 40Hz à 20KHz. Elle peut atteindre un SPL Max. de 126dB/m. Elle peut être alimentée sur secteur, batterie intégrée ou batterie externe (12V). Elle dispose de 2 entrées micro filaire en Jack 6.35mm et d&rsquo;une fonction enregistrement de votre micro sur clé USB. Les fréquences basses et aigus de la musique et des micros sont réglables avec une plage de +/-12dB. Elle dispose également d&rsquo;une entrée/sortie Aux par RCA et d&rsquo;une entrée instrument en Jack 6.35mm. Les micros sans fil ont une fréquence de 650 et 666 MHz. Ses dimensions sont de 505x435x765mm, son poids net est de 20,05 kg et son poids brut est de 22 kg. L&rsquo;alimentation est de 230v AC 50/60Hz.</p>
</div>
</div>
</div>
</div>
</div>
</div>

<p>Louez notre sonorisation portable pour une <strong>ambiance musicale réussie</strong> en toute occasion ! Avec sa puissance de sortie de 700W, sa batterie rechargeable offrant une autonomie jusqu&rsquo;à 8 heures et son lecteur de carte SD, sa clé USB, vous pouvez diffuser votre musique préférée en toute simplicité.</p>
<p>Le microphone sans fil et la fonction ajoute une touche de fun à vos soirées. La poignée de transport et les roues facilitent son déplacement.</p>
