{"id":32214,"date":"2025-12-02T21:29:36","date_gmt":"2025-12-02T21:29:36","guid":{"rendered":"https:\/\/www.latelierfestif.com\/location\/?post_type=product&#038;p=32214"},"modified":"2026-04-13T21:25:09","modified_gmt":"2026-04-13T20:25:09","slug":"table-basse-bois","status":"publish","type":"product","link":"https:\/\/www.latelierfestif.com\/locations\/produit\/table-basse-bois\/","title":{"rendered":"Table basse bois"},"content":{"rendered":"<p>Pour un <strong>\u00e9v\u00e9nement original et chaleureux<\/strong>, optez pour nos tables basses en bois naturel ! Fabriqu\u00e9es en pin, ces tables conviennent parfaitement pour les \u00e9v\u00e9nements de type champ\u00eatre, boh\u00e8me ou encore jungle, safari. Elles sont id\u00e9ales pour les invit\u00e9s qui souhaitent manger \u00e0 ras le sol ou pour les anniversaires des enfants. Plus de risque de chute !<\/p>\n<p>Leur couleur naturelle apportera une touche chaleureuse et conviviale \u00e0 votre d\u00e9coration. Vous pourrez les <strong>agr\u00e9menter de coussins<\/strong> ou de petits accessoires pour les personnaliser selon votre th\u00e8me. Avec leur style authentique, ces tables en bois s&rsquo;adaptent \u00e0 toutes les ambiances et sont disponibles en deux exemplaires pour r\u00e9pondre \u00e0 vos besoins.<\/p>\n<p>Offrez \u00e0 vos invit\u00e9s une <strong>ambiance chaleureuse et conviviale<\/strong> en louant nos tables basses en bois naturel pour votre \u00e9v\u00e9nement !<\/p>\n<p>Nos tables basses en bois naturel mesurent environ <strong>120cm de longueur et 85,5 cm de largeur<\/strong>, offrant ainsi suffisamment d&rsquo;espace pour accueillir 4 \u00e0 6 convives et disposer divers \u00e9l\u00e9ments de d\u00e9coration.<\/p>\n","protected":false},"excerpt":{"rendered":"<p>Louez nos tables basses 4 \u00e0 6 personnes en bois naturel pour une ambiance chaleureuse et conviviale. Id\u00e9ales pour les <strong>\u00e9v\u00e9nements de type champ\u00eatre ou boh\u00e8me<\/strong>, ces tables en pin apporteront une touche naturelle \u00e0 votre d\u00e9coration.<\/p>\n<p>&nbsp;<\/p>\n","protected":false},"featured_media":32639,"comment_status":"open","ping_status":"closed","template":"","meta":{"wds_primary_product_brand":0,"wds_primary_product_cat":0},"product_brand":[142],"product_cat":[40],"product_tag":[26,41,28,102,103,104,105,59,43],"class_list":{"0":"post-32214","1":"product","2":"type-product","3":"status-publish","4":"has-post-thumbnail","6":"product_brand-latelier-festif","7":"product_cat-mobilier","8":"product_tag-anniversaire","9":"product_tag-bapteme","10":"product_tag-fete-de-divorce","11":"product_tag-fete-des-grands-meres","12":"product_tag-fete-des-grands-peres","13":"product_tag-fete-des-meres","14":"product_tag-fete-des-peres","15":"product_tag-gender-reveal","16":"product_tag-mariage","18":"first","19":"instock","20":"shipping-taxable","21":"purchasable","22":"product-type-simple"},"_links":{"self":[{"href":"https:\/\/www.latelierfestif.com\/locations\/wp-json\/wp\/v2\/product\/32214","targetHints":{"allow":["GET"]}}],"collection":[{"href":"https:\/\/www.latelierfestif.com\/locations\/wp-json\/wp\/v2\/product"}],"about":[{"href":"https:\/\/www.latelierfestif.com\/locations\/wp-json\/wp\/v2\/types\/product"}],"replies":[{"embeddable":true,"href":"https:\/\/www.latelierfestif.com\/locations\/wp-json\/wp\/v2\/comments?post=32214"}],"wp:featuredmedia":[{"embeddable":true,"href":"https:\/\/www.latelierfestif.com\/locations\/wp-json\/wp\/v2\/media\/32639"}],"wp:attachment":[{"href":"https:\/\/www.latelierfestif.com\/locations\/wp-json\/wp\/v2\/media?parent=32214"}],"wp:term":[{"taxonomy":"product_brand","embeddable":true,"href":"https:\/\/www.latelierfestif.com\/locations\/wp-json\/wp\/v2\/product_brand?post=32214"},{"taxonomy":"product_cat","embeddable":true,"href":"https:\/\/www.latelierfestif.com\/locations\/wp-json\/wp\/v2\/product_cat?post=32214"},{"taxonomy":"product_tag","embeddable":true,"href":"https:\/\/www.latelierfestif.com\/locations\/wp-json\/wp\/v2\/product_tag?post=32214"}],"curies":[{"name":"wp","href":"https:\/\/api.w.org\/{rel}","templated":true}]}}

<p>Pour un <strong>événement original et chaleureux</strong>, optez pour nos tables basses en bois naturel ! Fabriquées en pin, ces tables conviennent parfaitement pour les événements de type champêtre, bohème ou encore jungle, safari. Elles sont idéales pour les invités qui souhaitent manger à ras le sol ou pour les anniversaires des enfants. Plus de risque de chute !</p>
<p>Leur couleur naturelle apportera une touche chaleureuse et conviviale à votre décoration. Vous pourrez les <strong>agrémenter de coussins</strong> ou de petits accessoires pour les personnaliser selon votre thème. Avec leur style authentique, ces tables en bois s&rsquo;adaptent à toutes les ambiances et sont disponibles en deux exemplaires pour répondre à vos besoins.</p>
<p>Offrez à vos invités une <strong>ambiance chaleureuse et conviviale</strong> en louant nos tables basses en bois naturel pour votre événement !</p>
<p>Nos tables basses en bois naturel mesurent environ <strong>120cm de longueur et 85,5 cm de largeur</strong>, offrant ainsi suffisamment d&rsquo;espace pour accueillir 4 à 6 convives et disposer divers éléments de décoration.</p>

<p>Louez nos tables basses 4 à 6 personnes en bois naturel pour une ambiance chaleureuse et conviviale. Idéales pour les <strong>événements de type champêtre ou bohème</strong>, ces tables en pin apporteront une touche naturelle à votre décoration.</p>
<p>&nbsp;</p>
