{"id":32212,"date":"2025-12-02T21:29:36","date_gmt":"2025-12-02T21:29:36","guid":{"rendered":"https:\/\/www.latelierfestif.com\/location\/?post_type=product&#038;p=32212"},"modified":"2025-12-07T14:00:51","modified_gmt":"2025-12-07T13:00:51","slug":"tapis-en-jute-et-coton-blanc-170cm","status":"publish","type":"product","link":"https:\/\/www.latelierfestif.com\/locations\/produit\/tapis-en-jute-et-coton-blanc-170cm\/","title":{"rendered":"Tapis en jute et coton blanc 170cm"},"content":{"rendered":"<p>Louez ce <strong>tapis<\/strong> rectangle de 120cm x 170cm celui ci est fait de jute v\u00e9g\u00e9tale et de coton, tr\u00e8s tendance, pour un<strong> th\u00e8me boh\u00e8me<\/strong>, mais aussi pour un <strong>th\u00e8me safari<\/strong>.<\/p>\n<p>Vous avez un<strong> \u00e9v\u00e9nement sur le th\u00e8me safari<\/strong> nous pouvons vous fournir le mat\u00e9riel ou vous proposer un th\u00e8me <strong>cl\u00e9 en main<\/strong>.<\/p>\n<p>&nbsp;<\/p>\n","protected":false},"excerpt":{"rendered":"<p>Location Tapis rectangle jute et coton blanc 170 X120 cm.<\/p>\n<p><em>Prix de location \u00e0 la journ\u00e9e, apr\u00e8s votre r\u00e9servation nous vous rappelons par t\u00e9l\u00e9phone pour confirmer avec vous les quantit\u00e9s et la date de retrait (45330 Le Malesherbois)<\/em><\/p>\n<p><em>Uniquement les locations \u00e0 partir de 150\u20ac peuvent \u00eatre livr\u00e9es par nos soins frais de livraisons soumis \u00e0 notre bar\u00e8me.<\/em><\/p>\n<p><em>\u00a0<\/em><\/p>\n","protected":false},"featured_media":32280,"comment_status":"open","ping_status":"closed","template":"","meta":{"wds_primary_product_brand":0,"wds_primary_product_cat":0},"product_brand":[142],"product_cat":[45],"product_tag":[],"class_list":{"0":"post-32212","1":"product","2":"type-product","3":"status-publish","4":"has-post-thumbnail","6":"product_brand-latelier-festif","7":"product_cat-elements-de-decoration","9":"first","10":"instock","11":"shipping-taxable","12":"purchasable","13":"product-type-simple"},"_links":{"self":[{"href":"https:\/\/www.latelierfestif.com\/locations\/wp-json\/wp\/v2\/product\/32212","targetHints":{"allow":["GET"]}}],"collection":[{"href":"https:\/\/www.latelierfestif.com\/locations\/wp-json\/wp\/v2\/product"}],"about":[{"href":"https:\/\/www.latelierfestif.com\/locations\/wp-json\/wp\/v2\/types\/product"}],"replies":[{"embeddable":true,"href":"https:\/\/www.latelierfestif.com\/locations\/wp-json\/wp\/v2\/comments?post=32212"}],"wp:featuredmedia":[{"embeddable":true,"href":"https:\/\/www.latelierfestif.com\/locations\/wp-json\/wp\/v2\/media\/32280"}],"wp:attachment":[{"href":"https:\/\/www.latelierfestif.com\/locations\/wp-json\/wp\/v2\/media?parent=32212"}],"wp:term":[{"taxonomy":"product_brand","embeddable":true,"href":"https:\/\/www.latelierfestif.com\/locations\/wp-json\/wp\/v2\/product_brand?post=32212"},{"taxonomy":"product_cat","embeddable":true,"href":"https:\/\/www.latelierfestif.com\/locations\/wp-json\/wp\/v2\/product_cat?post=32212"},{"taxonomy":"product_tag","embeddable":true,"href":"https:\/\/www.latelierfestif.com\/locations\/wp-json\/wp\/v2\/product_tag?post=32212"}],"curies":[{"name":"wp","href":"https:\/\/api.w.org\/{rel}","templated":true}]}}

<p>Louez ce <strong>tapis</strong> rectangle de 120cm x 170cm celui ci est fait de jute végétale et de coton, très tendance, pour un<strong> thème bohème</strong>, mais aussi pour un <strong>thème safari</strong>.</p>
<p>Vous avez un<strong> événement sur le thème safari</strong> nous pouvons vous fournir le matériel ou vous proposer un thème <strong>clé en main</strong>.</p>
<p>&nbsp;</p>

<p>Location Tapis rectangle jute et coton blanc 170 X120 cm.</p>
<p><em>Prix de location à la journée, après votre réservation nous vous rappelons par téléphone pour confirmer avec vous les quantités et la date de retrait (45330 Le Malesherbois)</em></p>
<p><em>Uniquement les locations à partir de 150€ peuvent être livrées par nos soins frais de livraisons soumis à notre barème.</em></p>
<p><em> </em></p>
