{"id":32210,"date":"2025-12-02T21:29:36","date_gmt":"2025-12-02T21:29:36","guid":{"rendered":"https:\/\/www.latelierfestif.com\/location\/?post_type=product&#038;p=32210"},"modified":"2025-12-07T14:00:51","modified_gmt":"2025-12-07T13:00:51","slug":"paniere-ronde-coton-tisse-26-cm","status":"publish","type":"product","link":"https:\/\/www.latelierfestif.com\/locations\/produit\/paniere-ronde-coton-tisse-26-cm\/","title":{"rendered":"Pani\u00e8re ronde coton tiss\u00e9 26 cm"},"content":{"rendered":"<p>Pour une jolie <strong>d\u00e9coration<\/strong> il faut allier plusieurs <strong>objets de d\u00e9coration<\/strong> que ce soit des vases des coussins des tapis mais aussi des pani\u00e8res sans oublier les fleurs et des fauteuils !<\/p>\n<p>Pour <strong>harmoniser votre d\u00e9coration<\/strong> il faut des d\u00e9corations dans les m\u00eames tons avec <strong>trois couleurs maximum<\/strong> et de diff\u00e9rentes tailles.<\/p>\n<p>&nbsp;<\/p>\n","protected":false},"excerpt":{"rendered":"<p>Voici une<strong> jolie pani\u00e8re<\/strong> raffin\u00e9e et l\u00e9g\u00e8re avec son c\u00f4t\u00e9 naturel pour une d\u00e9coration boh\u00e8me ! Location pani\u00e8re ronde Diam\u00e8tre 26cm, hauteur 20cm.<\/p>\n<p>Un <strong>coussin bi-mati\u00e8re<\/strong> avec une assise en <strong>jute<\/strong> et le dessous en coton orn\u00e9 de pompons.<\/p>\n<p><em>Prix de location \u00e0 la journ\u00e9e, apr\u00e8s votre r\u00e9servation nous vous rappelons par t\u00e9l\u00e9phone pour confirmer avec vous les quantit\u00e9s et la date de retrait (45330 Le Malesherbois)<\/em><\/p>\n<p><em>Uniquement les locations \u00e0 partir de 150\u20ac peuvent \u00eatre livr\u00e9es par nos soins frais de livraisons soumis \u00e0 notre bar\u00e8me.<\/em><\/p>\n<p><em>\u00a0<\/em><\/p>\n","protected":false},"featured_media":32274,"comment_status":"open","ping_status":"closed","template":"","meta":{"wds_primary_product_brand":0,"wds_primary_product_cat":0},"product_brand":[142],"product_cat":[45],"product_tag":[],"class_list":{"0":"post-32210","1":"product","2":"type-product","3":"status-publish","4":"has-post-thumbnail","6":"product_brand-latelier-festif","7":"product_cat-elements-de-decoration","9":"first","10":"instock","11":"shipping-taxable","12":"purchasable","13":"product-type-simple"},"_links":{"self":[{"href":"https:\/\/www.latelierfestif.com\/locations\/wp-json\/wp\/v2\/product\/32210","targetHints":{"allow":["GET"]}}],"collection":[{"href":"https:\/\/www.latelierfestif.com\/locations\/wp-json\/wp\/v2\/product"}],"about":[{"href":"https:\/\/www.latelierfestif.com\/locations\/wp-json\/wp\/v2\/types\/product"}],"replies":[{"embeddable":true,"href":"https:\/\/www.latelierfestif.com\/locations\/wp-json\/wp\/v2\/comments?post=32210"}],"wp:featuredmedia":[{"embeddable":true,"href":"https:\/\/www.latelierfestif.com\/locations\/wp-json\/wp\/v2\/media\/32274"}],"wp:attachment":[{"href":"https:\/\/www.latelierfestif.com\/locations\/wp-json\/wp\/v2\/media?parent=32210"}],"wp:term":[{"taxonomy":"product_brand","embeddable":true,"href":"https:\/\/www.latelierfestif.com\/locations\/wp-json\/wp\/v2\/product_brand?post=32210"},{"taxonomy":"product_cat","embeddable":true,"href":"https:\/\/www.latelierfestif.com\/locations\/wp-json\/wp\/v2\/product_cat?post=32210"},{"taxonomy":"product_tag","embeddable":true,"href":"https:\/\/www.latelierfestif.com\/locations\/wp-json\/wp\/v2\/product_tag?post=32210"}],"curies":[{"name":"wp","href":"https:\/\/api.w.org\/{rel}","templated":true}]}}

Panière ronde coton tissé 26 cm

<p>Pour une jolie <strong>décoration</strong> il faut allier plusieurs <strong>objets de décoration</strong> que ce soit des vases des coussins des tapis mais aussi des panières sans oublier les fleurs et des fauteuils !</p>
<p>Pour <strong>harmoniser votre décoration</strong> il faut des décorations dans les mêmes tons avec <strong>trois couleurs maximum</strong> et de différentes tailles.</p>
<p>&nbsp;</p>

<p>Voici une<strong> jolie panière</strong> raffinée et légère avec son côté naturel pour une décoration bohème ! Location panière ronde Diamètre 26cm, hauteur 20cm.</p>
<p>Un <strong>coussin bi-matière</strong> avec une assise en <strong>jute</strong> et le dessous en coton orné de pompons.</p>
<p><em>Prix de location à la journée, après votre réservation nous vous rappelons par téléphone pour confirmer avec vous les quantités et la date de retrait (45330 Le Malesherbois)</em></p>
<p><em>Uniquement les locations à partir de 150€ peuvent être livrées par nos soins frais de livraisons soumis à notre barème.</em></p>
<p><em> </em></p>
