{"id":32204,"date":"2025-12-02T21:29:36","date_gmt":"2025-12-02T21:29:36","guid":{"rendered":"https:\/\/www.latelierfestif.com\/location\/?post_type=product&#038;p=32204"},"modified":"2025-12-07T14:00:51","modified_gmt":"2025-12-07T13:00:51","slug":"bonbonniere-en-verre-14-cm","status":"publish","type":"product","link":"https:\/\/www.latelierfestif.com\/locations\/produit\/bonbonniere-en-verre-14-cm\/","title":{"rendered":"Bonbonni\u00e8re en verre 14 cm"},"content":{"rendered":"<p>Cette belle <strong>bonbonni\u00e8re<\/strong> sera id\u00e9al pour votre <strong>candy bar<\/strong> d&rsquo;une hauteur de 14.5cm de diam\u00e8tre 13cm.<\/p>\n<p>Un candy bar ou une <strong>sweat table<\/strong> ce sont des <strong>bonbonni\u00e8res de diff\u00e9rentes tailles<\/strong> et forme ce qui apporte une l\u00e9g\u00e8ret\u00e9 \u00e0 votre d\u00e9coration.<\/p>\n","protected":false},"excerpt":{"rendered":"<p>Location bonbonni\u00e8re en verre de 14.5cm.<\/p>\n<p><em>Prix de location \u00e0 la journ\u00e9e, apr\u00e8s votre r\u00e9servation nous vous rappelons par t\u00e9l\u00e9phone pour confirmer avec vous les quantit\u00e9s et la date de retrait (45330 Le Malesherbois)<\/em><\/p>\n<p><em>Uniquement les locations \u00e0 partir de 150\u20ac peuvent \u00eatre livr\u00e9es par nos soins frais de livraisons soumis \u00e0 notre bar\u00e8me.<\/em><\/p>\n<p><em>\u00a0<\/em><\/p>\n<p>&nbsp;<\/p>\n<p>&nbsp;<\/p>\n","protected":false},"featured_media":32256,"comment_status":"open","ping_status":"closed","template":"","meta":{"wds_primary_product_brand":0,"wds_primary_product_cat":0},"product_brand":[142],"product_cat":[82],"product_tag":[26,41,27,83,84,85,28,42,86,43,37,53,39],"class_list":{"0":"post-32204","1":"product","2":"type-product","3":"status-publish","4":"has-post-thumbnail","6":"product_brand-latelier-festif","7":"product_cat-art-de-la-table-vaisselle","8":"product_tag-anniversaire","9":"product_tag-bapteme","10":"product_tag-bar-mitzvah","11":"product_tag-celebration-de-retablissement","12":"product_tag-epiphanie","13":"product_tag-fete-de-bienvenue","14":"product_tag-fete-de-divorce","15":"product_tag-fiancailles","16":"product_tag-galette-des-rois","17":"product_tag-mariage","18":"product_tag-quinceanera","19":"product_tag-reunion-de-famille","20":"product_tag-sweet-16","22":"first","23":"instock","24":"shipping-taxable","25":"purchasable","26":"product-type-simple"},"_links":{"self":[{"href":"https:\/\/www.latelierfestif.com\/locations\/wp-json\/wp\/v2\/product\/32204","targetHints":{"allow":["GET"]}}],"collection":[{"href":"https:\/\/www.latelierfestif.com\/locations\/wp-json\/wp\/v2\/product"}],"about":[{"href":"https:\/\/www.latelierfestif.com\/locations\/wp-json\/wp\/v2\/types\/product"}],"replies":[{"embeddable":true,"href":"https:\/\/www.latelierfestif.com\/locations\/wp-json\/wp\/v2\/comments?post=32204"}],"wp:featuredmedia":[{"embeddable":true,"href":"https:\/\/www.latelierfestif.com\/locations\/wp-json\/wp\/v2\/media\/32256"}],"wp:attachment":[{"href":"https:\/\/www.latelierfestif.com\/locations\/wp-json\/wp\/v2\/media?parent=32204"}],"wp:term":[{"taxonomy":"product_brand","embeddable":true,"href":"https:\/\/www.latelierfestif.com\/locations\/wp-json\/wp\/v2\/product_brand?post=32204"},{"taxonomy":"product_cat","embeddable":true,"href":"https:\/\/www.latelierfestif.com\/locations\/wp-json\/wp\/v2\/product_cat?post=32204"},{"taxonomy":"product_tag","embeddable":true,"href":"https:\/\/www.latelierfestif.com\/locations\/wp-json\/wp\/v2\/product_tag?post=32204"}],"curies":[{"name":"wp","href":"https:\/\/api.w.org\/{rel}","templated":true}]}}

Bonbonnière en verre 14 cm

<p>Cette belle <strong>bonbonnière</strong> sera idéal pour votre <strong>candy bar</strong> d&rsquo;une hauteur de 14.5cm de diamètre 13cm.</p>
<p>Un candy bar ou une <strong>sweat table</strong> ce sont des <strong>bonbonnières de différentes tailles</strong> et forme ce qui apporte une légèreté à votre décoration.</p>

<p>Location bonbonnière en verre de 14.5cm.</p>
<p><em>Prix de location à la journée, après votre réservation nous vous rappelons par téléphone pour confirmer avec vous les quantités et la date de retrait (45330 Le Malesherbois)</em></p>
<p><em>Uniquement les locations à partir de 150€ peuvent être livrées par nos soins frais de livraisons soumis à notre barème.</em></p>
<p><em> </em></p>
<p>&nbsp;</p>
<p>&nbsp;</p>
