{"id":32179,"date":"2025-12-02T21:29:06","date_gmt":"2025-12-02T21:29:06","guid":{"rendered":"https:\/\/www.latelierfestif.com\/location\/?post_type=product&#038;p=32179"},"modified":"2025-12-21T18:19:55","modified_gmt":"2025-12-21T17:19:55","slug":"bonbonniere-elegante-en-verre-19cm","status":"publish","type":"product","link":"https:\/\/www.latelierfestif.com\/locations\/produit\/bonbonniere-elegante-en-verre-19cm\/","title":{"rendered":"Bonbonni\u00e8re \u00e9l\u00e9gante en verre 19cm"},"content":{"rendered":"<div class=\"p-produit-2-3-1-1\">\n<div class=\"gd-r-1\">\n<div class=\"f-c-w\"><span class=\"mgl-10\">Si vous recherchez une <strong>option \u00e9l\u00e9gante pour d\u00e9corer<\/strong> votre sweet table ou votre candy bar, cette bonbonni\u00e8re en verre est un excellent choix. Mesurant 19 cm de hauteur, elle est suffisamment grande pour contenir une vari\u00e9t\u00e9 de bonbons, de biscuits ou autres friandises. <\/span><\/div>\n<div><\/div>\n<div class=\"f-c-w\"><span class=\"mgl-10\">Sa transparence permettra de mettre en avant <strong>les couleurs et les formes de vos confiseries<\/strong>. En plus de sa fonction de bonbonni\u00e8re, elle peut \u00e9galement servir de contenant pour des fleurs fra\u00eeches ou artificielles pour ajouter une touche de d\u00e9coration florale \u00e0 votre \u00e9v\u00e9nement. <\/span><\/div>\n<div><\/div>\n<div class=\"f-c-w\"><span class=\"mgl-10\">Cette bonbonni\u00e8re en verre est \u00e9galement une <strong>option raffin\u00e9e pour les mariages<\/strong>, les bapt\u00eames, les anniversaires et autres \u00e9v\u00e9nements o\u00f9 une touche de sophistication est requise.<\/span><\/div>\n<div class=\"f-c-w\"><span class=\"mgl-10\">\u00a0<\/span><\/div>\n<\/div>\n<\/div>\n","protected":false},"excerpt":{"rendered":"<p>Cette bonbonni\u00e8re en verre de 19 cm de hauteur est un choix \u00e9l\u00e9gant pour d\u00e9corer votre <strong>sweet table ou votre candy bar<\/strong>. Elle peut \u00e9galement servir comme contenant pour des fleurs.<\/p>\n<p><em>Prix de location \u00e0 la journ\u00e9e, apr\u00e8s votre r\u00e9servation nous vous rappelons par t\u00e9l\u00e9phone pour confirmer avec vous les quantit\u00e9s et la date de retrait (45330 Le Malesherbois)<\/em><\/p>\n<p><em>Uniquement les locations \u00e0 partir de 150\u20ac peuvent \u00eatre livr\u00e9es par nos soins frais de livraisons soumis \u00e0 notre bar\u00e8me.<\/em><\/p>\n<p><em>\u00a0<\/em><\/p>\n","protected":false},"featured_media":32247,"comment_status":"open","ping_status":"closed","template":"","meta":{"wds_primary_product_brand":0,"wds_primary_product_cat":0},"product_brand":[142],"product_cat":[168],"product_tag":[26,41,27,83,84,85,28,42,86,43,37,53,39],"class_list":{"0":"post-32179","1":"product","2":"type-product","3":"status-publish","4":"has-post-thumbnail","6":"product_brand-latelier-festif","7":"product_cat-accessoires-de-tables","8":"product_tag-anniversaire","9":"product_tag-bapteme","10":"product_tag-bar-mitzvah","11":"product_tag-celebration-de-retablissement","12":"product_tag-epiphanie","13":"product_tag-fete-de-bienvenue","14":"product_tag-fete-de-divorce","15":"product_tag-fiancailles","16":"product_tag-galette-des-rois","17":"product_tag-mariage","18":"product_tag-quinceanera","19":"product_tag-reunion-de-famille","20":"product_tag-sweet-16","22":"first","23":"instock","24":"shipping-taxable","25":"purchasable","26":"product-type-simple"},"_links":{"self":[{"href":"https:\/\/www.latelierfestif.com\/locations\/wp-json\/wp\/v2\/product\/32179","targetHints":{"allow":["GET"]}}],"collection":[{"href":"https:\/\/www.latelierfestif.com\/locations\/wp-json\/wp\/v2\/product"}],"about":[{"href":"https:\/\/www.latelierfestif.com\/locations\/wp-json\/wp\/v2\/types\/product"}],"replies":[{"embeddable":true,"href":"https:\/\/www.latelierfestif.com\/locations\/wp-json\/wp\/v2\/comments?post=32179"}],"wp:featuredmedia":[{"embeddable":true,"href":"https:\/\/www.latelierfestif.com\/locations\/wp-json\/wp\/v2\/media\/32247"}],"wp:attachment":[{"href":"https:\/\/www.latelierfestif.com\/locations\/wp-json\/wp\/v2\/media?parent=32179"}],"wp:term":[{"taxonomy":"product_brand","embeddable":true,"href":"https:\/\/www.latelierfestif.com\/locations\/wp-json\/wp\/v2\/product_brand?post=32179"},{"taxonomy":"product_cat","embeddable":true,"href":"https:\/\/www.latelierfestif.com\/locations\/wp-json\/wp\/v2\/product_cat?post=32179"},{"taxonomy":"product_tag","embeddable":true,"href":"https:\/\/www.latelierfestif.com\/locations\/wp-json\/wp\/v2\/product_tag?post=32179"}],"curies":[{"name":"wp","href":"https:\/\/api.w.org\/{rel}","templated":true}]}}

Bonbonnière élégante en verre 19cm

<div class="p-produit-2-3-1-1">
<div class="gd-r-1">
<div class="f-c-w"><span class="mgl-10">Si vous recherchez une <strong>option élégante pour décorer</strong> votre sweet table ou votre candy bar, cette bonbonnière en verre est un excellent choix. Mesurant 19 cm de hauteur, elle est suffisamment grande pour contenir une variété de bonbons, de biscuits ou autres friandises. </span></div>
<div></div>
<div class="f-c-w"><span class="mgl-10">Sa transparence permettra de mettre en avant <strong>les couleurs et les formes de vos confiseries</strong>. En plus de sa fonction de bonbonnière, elle peut également servir de contenant pour des fleurs fraîches ou artificielles pour ajouter une touche de décoration florale à votre événement. </span></div>
<div></div>
<div class="f-c-w"><span class="mgl-10">Cette bonbonnière en verre est également une <strong>option raffinée pour les mariages</strong>, les baptêmes, les anniversaires et autres événements où une touche de sophistication est requise.</span></div>
<div class="f-c-w"><span class="mgl-10"> </span></div>
</div>
</div>

<p>Cette bonbonnière en verre de 19 cm de hauteur est un choix élégant pour décorer votre <strong>sweet table ou votre candy bar</strong>. Elle peut également servir comme contenant pour des fleurs.</p>
<p><em>Prix de location à la journée, après votre réservation nous vous rappelons par téléphone pour confirmer avec vous les quantités et la date de retrait (45330 Le Malesherbois)</em></p>
<p><em>Uniquement les locations à partir de 150€ peuvent être livrées par nos soins frais de livraisons soumis à notre barème.</em></p>
<p><em> </em></p>
