{"id":32176,"date":"2025-12-02T21:29:06","date_gmt":"2025-12-02T21:29:06","guid":{"rendered":"https:\/\/www.latelierfestif.com\/location\/?post_type=product&#038;p=32176"},"modified":"2025-12-07T14:00:51","modified_gmt":"2025-12-07T13:00:51","slug":"pack-minnie","status":"publish","type":"product","link":"https:\/\/www.latelierfestif.com\/locations\/produit\/pack-minnie\/","title":{"rendered":"Pack Minnie"},"content":{"rendered":"<p>Une <strong>d\u00e9coration<\/strong> pour un anniversaire sur le th\u00e8me de<strong> Minnie<\/strong>, \u00e9l\u00e9gant et pratique pour r\u00e9aliser de belles <strong>photos<\/strong> pour son <strong>anniversaire Minnie<\/strong> !<\/p>\n<p>Ce<strong> photocall<\/strong> Minnie pour de beaux souvenirs avec des <strong>colonnes<\/strong> rondes pour pr\u00e9senter un g\u00e2teau, des sucreries&#8230;<\/p>\n<p>Nous conseillons \u00e0 nos clients d&rsquo;agr\u00e9menter le tout avec une <strong>d\u00e9coration de ballons<\/strong> que nous pouvons r\u00e9aliser; ou si vous souhaitez le r\u00e9aliser vous m\u00eame <strong>commandez vos ballons avec nous<\/strong> ! un seul interlocuteur avec une entreprise familiale vous ne serez pas d\u00e9\u00e7u !<\/p>\n<p>&nbsp;<\/p>\n","protected":false},"excerpt":{"rendered":"<p>D\u00e9coration photocall Pack Minnie.<\/p>\n<p><em>Prix de location \u00e0 la journ\u00e9e, apr\u00e8s votre r\u00e9servation nous vous rappelons par t\u00e9l\u00e9phone pour confirmer avec vous les quantit\u00e9s et la date de retrait (45330 Le Malesherbois)<\/em><\/p>\n<p><em>Uniquement les locations \u00e0 partir de 150\u20ac peuvent \u00eatre livr\u00e9es par nos soins frais de livraisons soumis \u00e0 notre bar\u00e8me.<\/em><\/p>\n<p><em>\u00a0<\/em><\/p>\n","protected":false},"featured_media":32241,"comment_status":"closed","ping_status":"closed","template":"","meta":{"wds_primary_product_brand":0,"wds_primary_product_cat":0},"product_brand":[142],"product_cat":[44],"product_tag":[26],"class_list":{"0":"post-32176","1":"product","2":"type-product","3":"status-publish","4":"has-post-thumbnail","6":"product_brand-latelier-festif","7":"product_cat-decoration","8":"product_tag-anniversaire","10":"first","11":"instock","12":"shipping-taxable","13":"purchasable","14":"product-type-simple"},"_links":{"self":[{"href":"https:\/\/www.latelierfestif.com\/locations\/wp-json\/wp\/v2\/product\/32176","targetHints":{"allow":["GET"]}}],"collection":[{"href":"https:\/\/www.latelierfestif.com\/locations\/wp-json\/wp\/v2\/product"}],"about":[{"href":"https:\/\/www.latelierfestif.com\/locations\/wp-json\/wp\/v2\/types\/product"}],"replies":[{"embeddable":true,"href":"https:\/\/www.latelierfestif.com\/locations\/wp-json\/wp\/v2\/comments?post=32176"}],"wp:featuredmedia":[{"embeddable":true,"href":"https:\/\/www.latelierfestif.com\/locations\/wp-json\/wp\/v2\/media\/32241"}],"wp:attachment":[{"href":"https:\/\/www.latelierfestif.com\/locations\/wp-json\/wp\/v2\/media?parent=32176"}],"wp:term":[{"taxonomy":"product_brand","embeddable":true,"href":"https:\/\/www.latelierfestif.com\/locations\/wp-json\/wp\/v2\/product_brand?post=32176"},{"taxonomy":"product_cat","embeddable":true,"href":"https:\/\/www.latelierfestif.com\/locations\/wp-json\/wp\/v2\/product_cat?post=32176"},{"taxonomy":"product_tag","embeddable":true,"href":"https:\/\/www.latelierfestif.com\/locations\/wp-json\/wp\/v2\/product_tag?post=32176"}],"curies":[{"name":"wp","href":"https:\/\/api.w.org\/{rel}","templated":true}]}}

<p>Une <strong>décoration</strong> pour un anniversaire sur le thème de<strong> Minnie</strong>, élégant et pratique pour réaliser de belles <strong>photos</strong> pour son <strong>anniversaire Minnie</strong> !</p>
<p>Ce<strong> photocall</strong> Minnie pour de beaux souvenirs avec des <strong>colonnes</strong> rondes pour présenter un gâteau, des sucreries&#8230;</p>
<p>Nous conseillons à nos clients d&rsquo;agrémenter le tout avec une <strong>décoration de ballons</strong> que nous pouvons réaliser; ou si vous souhaitez le réaliser vous même <strong>commandez vos ballons avec nous</strong> ! un seul interlocuteur avec une entreprise familiale vous ne serez pas déçu !</p>
<p>&nbsp;</p>

<p>Décoration photocall Pack Minnie.</p>
<p><em>Prix de location à la journée, après votre réservation nous vous rappelons par téléphone pour confirmer avec vous les quantités et la date de retrait (45330 Le Malesherbois)</em></p>
<p><em>Uniquement les locations à partir de 150€ peuvent être livrées par nos soins frais de livraisons soumis à notre barème.</em></p>
<p><em> </em></p>
