{"id":32175,"date":"2025-12-02T21:29:06","date_gmt":"2025-12-02T21:29:06","guid":{"rendered":"https:\/\/www.latelierfestif.com\/location\/?post_type=product&#038;p=32175"},"modified":"2025-12-07T14:00:51","modified_gmt":"2025-12-07T13:00:51","slug":"pack-reine-des-neiges","status":"publish","type":"product","link":"https:\/\/www.latelierfestif.com\/locations\/produit\/pack-reine-des-neiges\/","title":{"rendered":"Pack Reine des Neiges"},"content":{"rendered":"<p>Une d\u00e9coration compl\u00e8tement givr\u00e9e avec ce <strong>pack Reine des Neiges<\/strong> pour f\u00eater un <strong>anniversaire<\/strong> surprenant pour votre enfant.<\/p>\n<p style=\"text-align: left;\">Un <strong>backdrop<\/strong> de 2 m\u00e8tres de diam\u00e8tre avec sa toile imprim\u00e9e en lycra, qui peut \u00eatre agr\u00e9ment\u00e9 d&rsquo;une jolie <strong>arche de ballons organique<\/strong> sous le th\u00e8me de la <strong>Reine des Neiges<\/strong> et pour combler le tout 3 belles <strong>colonnes<\/strong> pour y d\u00e9poser g\u00e2teau friandises un ensemble \u00e9l\u00e9gant et qui garantira la surprise et la joie de ce joli <strong>d\u00e9cor<\/strong><\/p>\n<p>&nbsp;<\/p>\n<hr \/>\n<p>conseill\u00e9 <img decoding=\"async\" class=\"alignleft wp-image-25789 lazyload\" data-src=\"https:\/\/www.latelierfestif.com\/wp-content\/uploads\/icone-montage-e1622011963872.jpg\" alt=\"\" width=\"59\" height=\"59\" src=\"data:image\/svg+xml;base64,PHN2ZyB3aWR0aD0iMSIgaGVpZ2h0PSIxIiB4bWxucz0iaHR0cDovL3d3dy53My5vcmcvMjAwMC9zdmciPjwvc3ZnPg==\" style=\"--smush-placeholder-width: 59px; --smush-placeholder-aspect-ratio: 59\/59;\" \/><\/p>\n<p>2 personnes<\/p>\n<p>&nbsp;<\/p>\n<p><img decoding=\"async\" class=\"wp-image-25788 alignleft lazyload\" data-src=\"https:\/\/www.latelierfestif.com\/wp-content\/uploads\/icone-dimensions-e1622012049132.jpg\" alt=\"\" width=\"59\" height=\"59\" src=\"data:image\/svg+xml;base64,PHN2ZyB3aWR0aD0iMSIgaGVpZ2h0PSIxIiB4bWxucz0iaHR0cDovL3d3dy53My5vcmcvMjAwMC9zdmciPjwvc3ZnPg==\" style=\"--smush-placeholder-width: 59px; --smush-placeholder-aspect-ratio: 59\/59;\" \/>Backdrop : 2 m\u00e8tres de diam\u00e8tre<\/p>\n<p>Colonnes : D25-H40 cm \/ D27-H60 cm \/ D29-H80 cm<\/p>\n","protected":false},"excerpt":{"rendered":"<p>Pack <strong>D\u00e9coration Reine des Neiges<\/strong>, avec un <strong>backdrop<\/strong> et son lycra personnalis\u00e9 reine des neiges accompagn\u00e9 de trois<strong> colonnes rondes<\/strong> pour y accueillir vos d\u00e9gustations !<\/p>\n<p><em>Prix de location \u00e0 la journ\u00e9e, apr\u00e8s votre r\u00e9servation nous vous rappelons par t\u00e9l\u00e9phone pour confirmer avec vous les quantit\u00e9s et la date de retrait (45330 Le Malesherbois)<\/em><\/p>\n<p><em>Uniquement les locations \u00e0 partir de 150\u20ac peuvent \u00eatre livr\u00e9es par nos soins frais de livraisons soumis \u00e0 notre bar\u00e8me.<\/em><\/p>\n<p><em>\u00a0<\/em><\/p>\n","protected":false},"featured_media":32228,"comment_status":"closed","ping_status":"closed","template":"","meta":{"wds_primary_product_brand":0,"wds_primary_product_cat":0},"product_brand":[142],"product_cat":[61,44],"product_tag":[26],"class_list":{"0":"post-32175","1":"product","2":"type-product","3":"status-publish","4":"has-post-thumbnail","6":"product_brand-latelier-festif","7":"product_cat-backdrops","8":"product_cat-decoration","9":"product_tag-anniversaire","11":"first","12":"instock","13":"shipping-taxable","14":"purchasable","15":"product-type-simple"},"_links":{"self":[{"href":"https:\/\/www.latelierfestif.com\/locations\/wp-json\/wp\/v2\/product\/32175","targetHints":{"allow":["GET"]}}],"collection":[{"href":"https:\/\/www.latelierfestif.com\/locations\/wp-json\/wp\/v2\/product"}],"about":[{"href":"https:\/\/www.latelierfestif.com\/locations\/wp-json\/wp\/v2\/types\/product"}],"replies":[{"embeddable":true,"href":"https:\/\/www.latelierfestif.com\/locations\/wp-json\/wp\/v2\/comments?post=32175"}],"wp:featuredmedia":[{"embeddable":true,"href":"https:\/\/www.latelierfestif.com\/locations\/wp-json\/wp\/v2\/media\/32228"}],"wp:attachment":[{"href":"https:\/\/www.latelierfestif.com\/locations\/wp-json\/wp\/v2\/media?parent=32175"}],"wp:term":[{"taxonomy":"product_brand","embeddable":true,"href":"https:\/\/www.latelierfestif.com\/locations\/wp-json\/wp\/v2\/product_brand?post=32175"},{"taxonomy":"product_cat","embeddable":true,"href":"https:\/\/www.latelierfestif.com\/locations\/wp-json\/wp\/v2\/product_cat?post=32175"},{"taxonomy":"product_tag","embeddable":true,"href":"https:\/\/www.latelierfestif.com\/locations\/wp-json\/wp\/v2\/product_tag?post=32175"}],"curies":[{"name":"wp","href":"https:\/\/api.w.org\/{rel}","templated":true}]}}

<p>Une décoration complètement givrée avec ce <strong>pack Reine des Neiges</strong> pour fêter un <strong>anniversaire</strong> surprenant pour votre enfant.</p>
<p style="text-align: left;">Un <strong>backdrop</strong> de 2 mètres de diamètre avec sa toile imprimée en lycra, qui peut être agrémenté d&rsquo;une jolie <strong>arche de ballons organique</strong> sous le thème de la <strong>Reine des Neiges</strong> et pour combler le tout 3 belles <strong>colonnes</strong> pour y déposer gâteau friandises un ensemble élégant et qui garantira la surprise et la joie de ce joli <strong>décor</strong></p>
<p>&nbsp;</p>
<hr />
<p>conseillé <img decoding="async" class="alignleft wp-image-25789 lazyload" data-src="https://www.latelierfestif.com/wp-content/uploads/icone-montage-e1622011963872.jpg" alt="" width="59" height="59" src="data:image/svg+xml;base64,PHN2ZyB3aWR0aD0iMSIgaGVpZ2h0PSIxIiB4bWxucz0iaHR0cDovL3d3dy53My5vcmcvMjAwMC9zdmciPjwvc3ZnPg==" style="--smush-placeholder-width: 59px; --smush-placeholder-aspect-ratio: 59/59;" /></p>
<p>2 personnes</p>
<p>&nbsp;</p>
<p><img decoding="async" class="wp-image-25788 alignleft lazyload" data-src="https://www.latelierfestif.com/wp-content/uploads/icone-dimensions-e1622012049132.jpg" alt="" width="59" height="59" src="data:image/svg+xml;base64,PHN2ZyB3aWR0aD0iMSIgaGVpZ2h0PSIxIiB4bWxucz0iaHR0cDovL3d3dy53My5vcmcvMjAwMC9zdmciPjwvc3ZnPg==" style="--smush-placeholder-width: 59px; --smush-placeholder-aspect-ratio: 59/59;" />Backdrop : 2 mètres de diamètre</p>
<p>Colonnes : D25-H40 cm / D27-H60 cm / D29-H80 cm</p>

<p>Pack <strong>Décoration Reine des Neiges</strong>, avec un <strong>backdrop</strong> et son lycra personnalisé reine des neiges accompagné de trois<strong> colonnes rondes</strong> pour y accueillir vos dégustations !</p>
<p><em>Prix de location à la journée, après votre réservation nous vous rappelons par téléphone pour confirmer avec vous les quantités et la date de retrait (45330 Le Malesherbois)</em></p>
<p><em>Uniquement les locations à partir de 150€ peuvent être livrées par nos soins frais de livraisons soumis à notre barème.</em></p>
<p><em> </em></p>
