{"id":32141,"date":"2025-12-02T21:28:43","date_gmt":"2025-12-02T21:28:43","guid":{"rendered":"https:\/\/www.latelierfestif.com\/location\/?post_type=product&#038;p=32141"},"modified":"2025-12-07T14:01:17","modified_gmt":"2025-12-07T13:01:17","slug":"mascotte-olaf","status":"publish","type":"product","link":"https:\/\/www.latelierfestif.com\/locations\/produit\/mascotte-olaf\/","title":{"rendered":"Mascotte Olaf"},"content":{"rendered":"<p>Une <strong>mascotte<\/strong> dr\u00f4lement givr\u00e9e !<\/p>\n<p>Apportez de la joie et de la bonne humeur avec le<strong> bonhomme de neige<\/strong> <strong>Olaf<\/strong> joyeux et exub\u00e9rant qui est devenu un personnage embl\u00e9matique du film \u00ab\u00a0La Reine des neiges\u00a0\u00bb.<\/p>\n<p>Ce qui en fait le compagnon id\u00e9al pour les <strong>animations enfants<\/strong> ou les d\u00e9ambulations dans les rues.<\/p>\n<p>R\u00e9servez vite vos <strong>animations No\u00ebl.<\/strong><\/p>\n<p>&nbsp;<\/p>\n","protected":false},"excerpt":{"rendered":"<p>Louez Olaf pour un anniversaire surprise.<\/p>\n<p><em>Prix de location \u00e0 la journ\u00e9e, apr\u00e8s votre r\u00e9servation nous vous rappelons par t\u00e9l\u00e9phone pour confirmer avec vous les quantit\u00e9s et la date de retrait (45330 Le Malesherbois)<\/em><\/p>\n<p><em>Uniquement les locations \u00e0 partir de 150\u20ac peuvent \u00eatre livr\u00e9es par nos soins frais de livraisons soumis \u00e0 notre bar\u00e8me.<\/em><\/p>\n<p><em>\u00a0<\/em><\/p>\n","protected":false},"featured_media":32193,"comment_status":"closed","ping_status":"closed","template":"","meta":{"wds_primary_product_brand":0,"wds_primary_product_cat":0},"product_brand":[142],"product_cat":[152],"product_tag":[35],"class_list":{"0":"post-32141","1":"product","2":"type-product","3":"status-publish","4":"has-post-thumbnail","6":"product_brand-latelier-festif","7":"product_cat-mascottes","8":"product_tag-noel","10":"first","11":"instock","12":"shipping-taxable","13":"purchasable","14":"product-type-simple"},"_links":{"self":[{"href":"https:\/\/www.latelierfestif.com\/locations\/wp-json\/wp\/v2\/product\/32141","targetHints":{"allow":["GET"]}}],"collection":[{"href":"https:\/\/www.latelierfestif.com\/locations\/wp-json\/wp\/v2\/product"}],"about":[{"href":"https:\/\/www.latelierfestif.com\/locations\/wp-json\/wp\/v2\/types\/product"}],"replies":[{"embeddable":true,"href":"https:\/\/www.latelierfestif.com\/locations\/wp-json\/wp\/v2\/comments?post=32141"}],"wp:featuredmedia":[{"embeddable":true,"href":"https:\/\/www.latelierfestif.com\/locations\/wp-json\/wp\/v2\/media\/32193"}],"wp:attachment":[{"href":"https:\/\/www.latelierfestif.com\/locations\/wp-json\/wp\/v2\/media?parent=32141"}],"wp:term":[{"taxonomy":"product_brand","embeddable":true,"href":"https:\/\/www.latelierfestif.com\/locations\/wp-json\/wp\/v2\/product_brand?post=32141"},{"taxonomy":"product_cat","embeddable":true,"href":"https:\/\/www.latelierfestif.com\/locations\/wp-json\/wp\/v2\/product_cat?post=32141"},{"taxonomy":"product_tag","embeddable":true,"href":"https:\/\/www.latelierfestif.com\/locations\/wp-json\/wp\/v2\/product_tag?post=32141"}],"curies":[{"name":"wp","href":"https:\/\/api.w.org\/{rel}","templated":true}]}}

<p>Une <strong>mascotte</strong> drôlement givrée !</p>
<p>Apportez de la joie et de la bonne humeur avec le<strong> bonhomme de neige</strong> <strong>Olaf</strong> joyeux et exubérant qui est devenu un personnage emblématique du film « La Reine des neiges ».</p>
<p>Ce qui en fait le compagnon idéal pour les <strong>animations enfants</strong> ou les déambulations dans les rues.</p>
<p>Réservez vite vos <strong>animations Noël.</strong></p>
<p>&nbsp;</p>

<p>Louez Olaf pour un anniversaire surprise.</p>
<p><em>Prix de location à la journée, après votre réservation nous vous rappelons par téléphone pour confirmer avec vous les quantités et la date de retrait (45330 Le Malesherbois)</em></p>
<p><em>Uniquement les locations à partir de 150€ peuvent être livrées par nos soins frais de livraisons soumis à notre barème.</em></p>
<p><em> </em></p>
