{"id":32135,"date":"2025-12-02T21:28:43","date_gmt":"2025-12-02T21:28:43","guid":{"rendered":"https:\/\/www.latelierfestif.com\/location\/?post_type=product&#038;p=32135"},"modified":"2026-04-02T15:49:50","modified_gmt":"2026-04-02T14:49:50","slug":"jeu-de-cartes-7-familles-xl","status":"publish","type":"product","link":"https:\/\/www.latelierfestif.com\/locations\/produit\/jeu-de-cartes-7-familles-xl\/","title":{"rendered":"Jeu de cartes 7 familles XL"},"content":{"rendered":"<p>Ce <strong>jeu de 7 Familles g\u00e9ant<\/strong> promet des moments de rire et de d\u00e9tente \u00e0 la maison. Profitez des journ\u00e9es ensoleill\u00e9es en jouant avec vos enfants dans le jardin tout en sirotant une boisson fra\u00eeche.<\/p>\n<p>Avec ces cartes g\u00e9antes, retrouvez les membres de chaque famille et jouez selon les r\u00e8gles classiques du jeu de 7 Familles. Les<strong> enfants adoreront ce jeu<\/strong>, que ce soit pour un anniversaire, une soir\u00e9e d\u00e9tente en famille, ou encore pour animer les kermesses d&rsquo;\u00e9cole ou les journ\u00e9es de d\u00e9couvertes en association.<\/p>\n","protected":false},"excerpt":{"rendered":"<p>Profitez des belles journ\u00e9es ensolleill\u00e9s pour <strong>organiser un jeu g\u00e9ant de 7 familles<\/strong> dans le jardin lors d&rsquo;un anniversaire ou un go\u00fbter des enfants.<\/p>\n<p><em>Prix de location \u00e0 la journ\u00e9e, apr\u00e8s votre r\u00e9servation nous vous rappelons par t\u00e9l\u00e9phone pour confirmer avec vous les quantit\u00e9s et la date de retrait.<\/em><\/p>\n<p><em>\u00a0<\/em><\/p>\n","protected":false},"featured_media":34691,"comment_status":"closed","ping_status":"closed","template":"","meta":{"wds_primary_product_brand":0,"wds_primary_product_cat":0},"product_brand":[142],"product_cat":[153],"product_tag":[26,41,34,53],"class_list":{"0":"post-32135","1":"product","2":"type-product","3":"status-publish","4":"has-post-thumbnail","6":"product_brand-latelier-festif","7":"product_cat-jeux-geants","8":"product_tag-anniversaire","9":"product_tag-bapteme","10":"product_tag-kermesse","11":"product_tag-reunion-de-famille","13":"first","14":"instock","15":"shipping-taxable","16":"purchasable","17":"product-type-simple"},"_links":{"self":[{"href":"https:\/\/www.latelierfestif.com\/locations\/wp-json\/wp\/v2\/product\/32135","targetHints":{"allow":["GET"]}}],"collection":[{"href":"https:\/\/www.latelierfestif.com\/locations\/wp-json\/wp\/v2\/product"}],"about":[{"href":"https:\/\/www.latelierfestif.com\/locations\/wp-json\/wp\/v2\/types\/product"}],"replies":[{"embeddable":true,"href":"https:\/\/www.latelierfestif.com\/locations\/wp-json\/wp\/v2\/comments?post=32135"}],"wp:featuredmedia":[{"embeddable":true,"href":"https:\/\/www.latelierfestif.com\/locations\/wp-json\/wp\/v2\/media\/34691"}],"wp:attachment":[{"href":"https:\/\/www.latelierfestif.com\/locations\/wp-json\/wp\/v2\/media?parent=32135"}],"wp:term":[{"taxonomy":"product_brand","embeddable":true,"href":"https:\/\/www.latelierfestif.com\/locations\/wp-json\/wp\/v2\/product_brand?post=32135"},{"taxonomy":"product_cat","embeddable":true,"href":"https:\/\/www.latelierfestif.com\/locations\/wp-json\/wp\/v2\/product_cat?post=32135"},{"taxonomy":"product_tag","embeddable":true,"href":"https:\/\/www.latelierfestif.com\/locations\/wp-json\/wp\/v2\/product_tag?post=32135"}],"curies":[{"name":"wp","href":"https:\/\/api.w.org\/{rel}","templated":true}]}}

<p>Ce <strong>jeu de 7 Familles géant</strong> promet des moments de rire et de détente à la maison. Profitez des journées ensoleillées en jouant avec vos enfants dans le jardin tout en sirotant une boisson fraîche.</p>
<p>Avec ces cartes géantes, retrouvez les membres de chaque famille et jouez selon les règles classiques du jeu de 7 Familles. Les<strong> enfants adoreront ce jeu</strong>, que ce soit pour un anniversaire, une soirée détente en famille, ou encore pour animer les kermesses d&rsquo;école ou les journées de découvertes en association.</p>

<p>Profitez des belles journées ensolleillés pour <strong>organiser un jeu géant de 7 familles</strong> dans le jardin lors d&rsquo;un anniversaire ou un goûter des enfants.</p>
<p><em>Prix de location à la journée, après votre réservation nous vous rappelons par téléphone pour confirmer avec vous les quantités et la date de retrait.</em></p>
<p><em> </em></p>
