{"id":32132,"date":"2025-12-02T21:28:43","date_gmt":"2025-12-02T21:28:43","guid":{"rendered":"https:\/\/www.latelierfestif.com\/location\/?post_type=product&#038;p=32132"},"modified":"2025-12-07T14:01:17","modified_gmt":"2025-12-07T13:01:17","slug":"arche-mariage","status":"publish","type":"product","link":"https:\/\/www.latelierfestif.com\/locations\/produit\/arche-mariage\/","title":{"rendered":"Arche mariage"},"content":{"rendered":"<div id=\"tab-description\" class=\"panel entry-content active\">\n<p>Arche ronde blanche pour vos \u00e9v\u00e9nements.<\/p>\n<p>Pour habiller l&rsquo;arche, vous pouvez le faire de diff\u00e9rente mani\u00e8re en l&rsquo;ornant de fleurs, de voilages, ou de ballons.<\/p>\n<p>Elle mesure 2m20 de hauteur et 2m50 de largeur<\/p>\n<p>Cette arche est facile \u00e0 assembler et l\u00e9g\u00e8re, si vous souhaiter qu&rsquo;elle soit en ext\u00e9rieur penser \u00e0 la lester.<\/p>\n<p>Sur la photo l\u2019arche est compos\u00e9e de fleurs non compris dans la location pr\u00e9voir un suppl\u00e9ment pour l&rsquo;habillage.<\/p>\n<\/div>\n","protected":false},"excerpt":{"rendered":"<p>Arche ronde blanche de mariage.<\/p>\n","protected":false},"featured_media":32183,"comment_status":"closed","ping_status":"closed","template":"","meta":{"wds_primary_product_brand":0,"wds_primary_product_cat":0},"product_brand":[142],"product_cat":[40],"product_tag":[41,46,43,38],"class_list":{"0":"post-32132","1":"product","2":"type-product","3":"status-publish","4":"has-post-thumbnail","6":"product_brand-latelier-festif","7":"product_cat-mobilier","8":"product_tag-bapteme","9":"product_tag-evenements-entreprises","10":"product_tag-mariage","11":"product_tag-saint-valentin","13":"first","14":"instock","15":"shipping-taxable","16":"purchasable","17":"product-type-simple"},"_links":{"self":[{"href":"https:\/\/www.latelierfestif.com\/locations\/wp-json\/wp\/v2\/product\/32132","targetHints":{"allow":["GET"]}}],"collection":[{"href":"https:\/\/www.latelierfestif.com\/locations\/wp-json\/wp\/v2\/product"}],"about":[{"href":"https:\/\/www.latelierfestif.com\/locations\/wp-json\/wp\/v2\/types\/product"}],"replies":[{"embeddable":true,"href":"https:\/\/www.latelierfestif.com\/locations\/wp-json\/wp\/v2\/comments?post=32132"}],"wp:featuredmedia":[{"embeddable":true,"href":"https:\/\/www.latelierfestif.com\/locations\/wp-json\/wp\/v2\/media\/32183"}],"wp:attachment":[{"href":"https:\/\/www.latelierfestif.com\/locations\/wp-json\/wp\/v2\/media?parent=32132"}],"wp:term":[{"taxonomy":"product_brand","embeddable":true,"href":"https:\/\/www.latelierfestif.com\/locations\/wp-json\/wp\/v2\/product_brand?post=32132"},{"taxonomy":"product_cat","embeddable":true,"href":"https:\/\/www.latelierfestif.com\/locations\/wp-json\/wp\/v2\/product_cat?post=32132"},{"taxonomy":"product_tag","embeddable":true,"href":"https:\/\/www.latelierfestif.com\/locations\/wp-json\/wp\/v2\/product_tag?post=32132"}],"curies":[{"name":"wp","href":"https:\/\/api.w.org\/{rel}","templated":true}]}}

<div id="tab-description" class="panel entry-content active">
<p>Arche ronde blanche pour vos événements.</p>
<p>Pour habiller l&rsquo;arche, vous pouvez le faire de différente manière en l&rsquo;ornant de fleurs, de voilages, ou de ballons.</p>
<p>Elle mesure 2m20 de hauteur et 2m50 de largeur</p>
<p>Cette arche est facile à assembler et légère, si vous souhaiter qu&rsquo;elle soit en extérieur penser à la lester.</p>
<p>Sur la photo l’arche est composée de fleurs non compris dans la location prévoir un supplément pour l&rsquo;habillage.</p>
</div>
