{"id":32127,"date":"2025-12-02T21:28:43","date_gmt":"2025-12-02T21:28:43","guid":{"rendered":"https:\/\/www.latelierfestif.com\/location\/?post_type=product&#038;p=32127"},"modified":"2025-12-02T21:28:54","modified_gmt":"2025-12-02T21:28:54","slug":"location-colonne-interieur","status":"publish","type":"product","link":"https:\/\/www.latelierfestif.com\/locations\/produit\/location-colonne-interieur\/","title":{"rendered":"Location Colonne int\u00e9rieur"},"content":{"rendered":"<p>Un support simple qui se compose d&rsquo;un pied rond et d&rsquo;un tige en m\u00e9tal permettant de donner de l&rsquo;appui a<strong> toutes les r\u00e9alisations<\/strong> de votre choix en int\u00e9rieur.<\/p>\n<p>Cette colonne support permet d&rsquo;avoir une base de travail pour r\u00e9aliser des <strong>d\u00e9corations florales<\/strong> ou en ballons.<\/p>\n<p>Un compl\u00e9ment qui permet d&rsquo;apporter <strong>des touches de prestige<\/strong> \u00e0 votre \u00e9v\u00e9nement et ce quelque soit la pi\u00e8ce int\u00e9rieur.<\/p>\n","protected":false},"excerpt":{"rendered":"<p>Base pour la <strong>cr\u00e9ation de colonne en ballon<\/strong> ou avec des \u00e9l\u00e9ments floral, simple et l\u00e9g\u00e8re elle permet de mettre en avant les d\u00e9corations de votre choix.<\/p>\n<p><em>Prix de location \u00e0 la journ\u00e9e, apr\u00e8s votre r\u00e9servation nous vous rappelons par t\u00e9l\u00e9phone pour confirmer avec vous les quantit\u00e9s et la date de retrait (45330 Le Malesherbois)<\/em><\/p>\n<p><em>Uniquement les locations \u00e0 partir de 150\u20ac peuvent \u00eatre livr\u00e9es par nos soins frais de livraisons soumis \u00e0 notre bar\u00e8me.<\/em><\/p>\n<p><em>\u00a0<\/em><\/p>\n","protected":false},"featured_media":32165,"comment_status":"closed","ping_status":"closed","template":"","meta":{"wds_primary_product_brand":0,"wds_primary_product_cat":0},"product_brand":[],"product_cat":[45],"product_tag":[41,46,43,38],"class_list":{"0":"post-32127","1":"product","2":"type-product","3":"status-publish","4":"has-post-thumbnail","6":"product_cat-elements-de-decoration","7":"product_tag-bapteme","8":"product_tag-evenements-entreprises","9":"product_tag-mariage","10":"product_tag-saint-valentin","12":"first","13":"instock","14":"shipping-taxable","15":"purchasable","16":"product-type-simple"},"_links":{"self":[{"href":"https:\/\/www.latelierfestif.com\/locations\/wp-json\/wp\/v2\/product\/32127","targetHints":{"allow":["GET"]}}],"collection":[{"href":"https:\/\/www.latelierfestif.com\/locations\/wp-json\/wp\/v2\/product"}],"about":[{"href":"https:\/\/www.latelierfestif.com\/locations\/wp-json\/wp\/v2\/types\/product"}],"replies":[{"embeddable":true,"href":"https:\/\/www.latelierfestif.com\/locations\/wp-json\/wp\/v2\/comments?post=32127"}],"wp:featuredmedia":[{"embeddable":true,"href":"https:\/\/www.latelierfestif.com\/locations\/wp-json\/wp\/v2\/media\/32165"}],"wp:attachment":[{"href":"https:\/\/www.latelierfestif.com\/locations\/wp-json\/wp\/v2\/media?parent=32127"}],"wp:term":[{"taxonomy":"product_brand","embeddable":true,"href":"https:\/\/www.latelierfestif.com\/locations\/wp-json\/wp\/v2\/product_brand?post=32127"},{"taxonomy":"product_cat","embeddable":true,"href":"https:\/\/www.latelierfestif.com\/locations\/wp-json\/wp\/v2\/product_cat?post=32127"},{"taxonomy":"product_tag","embeddable":true,"href":"https:\/\/www.latelierfestif.com\/locations\/wp-json\/wp\/v2\/product_tag?post=32127"}],"curies":[{"name":"wp","href":"https:\/\/api.w.org\/{rel}","templated":true}]}}

Location Colonne intérieur

<p>Un support simple qui se compose d&rsquo;un pied rond et d&rsquo;un tige en métal permettant de donner de l&rsquo;appui a<strong> toutes les réalisations</strong> de votre choix en intérieur.</p>
<p>Cette colonne support permet d&rsquo;avoir une base de travail pour réaliser des <strong>décorations florales</strong> ou en ballons.</p>
<p>Un complément qui permet d&rsquo;apporter <strong>des touches de prestige</strong> à votre événement et ce quelque soit la pièce intérieur.</p>

<p>Base pour la <strong>création de colonne en ballon</strong> ou avec des éléments floral, simple et légère elle permet de mettre en avant les décorations de votre choix.</p>
<p><em>Prix de location à la journée, après votre réservation nous vous rappelons par téléphone pour confirmer avec vous les quantités et la date de retrait (45330 Le Malesherbois)</em></p>
<p><em>Uniquement les locations à partir de 150€ peuvent être livrées par nos soins frais de livraisons soumis à notre barème.</em></p>
<p><em> </em></p>
