{"id":32126,"date":"2025-12-02T21:28:43","date_gmt":"2025-12-02T21:28:43","guid":{"rendered":"https:\/\/www.latelierfestif.com\/location\/?post_type=product&#038;p=32126"},"modified":"2025-12-07T14:01:05","modified_gmt":"2025-12-07T13:01:05","slug":"colonne-ronde-set-de-3-pieces","status":"publish","type":"product","link":"https:\/\/www.latelierfestif.com\/locations\/produit\/colonne-ronde-set-de-3-pieces\/","title":{"rendered":"Colonne ronde set de 3 pi\u00e8ces"},"content":{"rendered":"<p>Ces colonnes sont tr\u00e8s r\u00e9sistantes et permettent de <strong>mettre en \u00e9vidence<\/strong> de nombreuses d\u00e9corations.<\/p>\n<p>De diff\u00e9rentes tailles (<em>Une colonne de Diam\u00e8tre 25 Hauteur 40, une colonne de Diam\u00e8tre27 Hauteur60, colonne de Diam\u00e8tre29 Hauteur80<\/em>)<\/p>\n<p>Elles vont cr\u00e9er un <strong>effet de relief<\/strong> dans votre lieu de r\u00e9ception.<\/p>\n<p>Ces colonnes sont tr\u00e8s utiles pour <strong>d\u00e9corer une boutique<\/strong> ou faire la d\u00e9coration d&rsquo;une <strong>salle de r\u00e9ception<\/strong> \u00e0 l&rsquo;occasion d&rsquo;un mariage ou d&rsquo;un bapt\u00eame.<\/p>\n<p>&nbsp;<\/p>\n","protected":false},"excerpt":{"rendered":"<p>Trois <strong>colonnes rondes<\/strong> qui vont vous servir \u00e0 poser vos d\u00e9corations florales ou tout autre objet de votre \u00e9v\u00e9nement.<\/p>\n","protected":false},"featured_media":32162,"comment_status":"closed","ping_status":"closed","template":"","meta":{"wds_primary_product_brand":0,"wds_primary_product_cat":0},"product_brand":[142],"product_cat":[40],"product_tag":[26,41,27,42,43,37,39],"class_list":{"0":"post-32126","1":"product","2":"type-product","3":"status-publish","4":"has-post-thumbnail","6":"product_brand-latelier-festif","7":"product_cat-mobilier","8":"product_tag-anniversaire","9":"product_tag-bapteme","10":"product_tag-bar-mitzvah","11":"product_tag-fiancailles","12":"product_tag-mariage","13":"product_tag-quinceanera","14":"product_tag-sweet-16","16":"first","17":"instock","18":"shipping-taxable","19":"purchasable","20":"product-type-simple"},"_links":{"self":[{"href":"https:\/\/www.latelierfestif.com\/locations\/wp-json\/wp\/v2\/product\/32126","targetHints":{"allow":["GET"]}}],"collection":[{"href":"https:\/\/www.latelierfestif.com\/locations\/wp-json\/wp\/v2\/product"}],"about":[{"href":"https:\/\/www.latelierfestif.com\/locations\/wp-json\/wp\/v2\/types\/product"}],"replies":[{"embeddable":true,"href":"https:\/\/www.latelierfestif.com\/locations\/wp-json\/wp\/v2\/comments?post=32126"}],"wp:featuredmedia":[{"embeddable":true,"href":"https:\/\/www.latelierfestif.com\/locations\/wp-json\/wp\/v2\/media\/32162"}],"wp:attachment":[{"href":"https:\/\/www.latelierfestif.com\/locations\/wp-json\/wp\/v2\/media?parent=32126"}],"wp:term":[{"taxonomy":"product_brand","embeddable":true,"href":"https:\/\/www.latelierfestif.com\/locations\/wp-json\/wp\/v2\/product_brand?post=32126"},{"taxonomy":"product_cat","embeddable":true,"href":"https:\/\/www.latelierfestif.com\/locations\/wp-json\/wp\/v2\/product_cat?post=32126"},{"taxonomy":"product_tag","embeddable":true,"href":"https:\/\/www.latelierfestif.com\/locations\/wp-json\/wp\/v2\/product_tag?post=32126"}],"curies":[{"name":"wp","href":"https:\/\/api.w.org\/{rel}","templated":true}]}}

Colonne ronde set de 3 pièces

<p>Ces colonnes sont très résistantes et permettent de <strong>mettre en évidence</strong> de nombreuses décorations.</p>
<p>De différentes tailles (<em>Une colonne de Diamètre 25 Hauteur 40, une colonne de Diamètre27 Hauteur60, colonne de Diamètre29 Hauteur80</em>)</p>
<p>Elles vont créer un <strong>effet de relief</strong> dans votre lieu de réception.</p>
<p>Ces colonnes sont très utiles pour <strong>décorer une boutique</strong> ou faire la décoration d&rsquo;une <strong>salle de réception</strong> à l&rsquo;occasion d&rsquo;un mariage ou d&rsquo;un baptême.</p>
<p>&nbsp;</p>

<p>Trois <strong>colonnes rondes</strong> qui vont vous servir à poser vos décorations florales ou tout autre objet de votre événement.</p>
